{"id":53163,"date":"2025-11-10T19:44:19","date_gmt":"2025-11-10T18:44:19","guid":{"rendered":"https:\/\/www.ernstbrunn-apotheke.at\/katalog\/produkt\/dr-grubers-zink-chelat-kombi-tabletten\/"},"modified":"2025-12-08T16:51:53","modified_gmt":"2025-12-08T15:51:53","slug":"dr-grubers-zink-chelat-kombi-tabletten","status":"publish","type":"product","link":"https:\/\/www.ernstbrunn-apotheke.at\/katalog\/produkt\/dr-grubers-zink-chelat-kombi-tabletten\/","title":{"rendered":"Dr. Grubers Zink Chelat Kombi Tabletten"},"content":{"rendered":"<p>Die Spurenelemente Zink, Selen und Mangan sindsogenannte Allrounder und u.a. f\u00fcr unser Immunsystem mitverantwortlich. Zinkhat eine lebenswichtige Funktion beim normalen Stoffwechsel, Fetts\u00e4urestoffwechsel,von S\u00e4uren und Basen, Kohlenhydraten, Makron\u00e4hrstoffen und demVitamin-A-Stoffwechsel. Mangan tr\u00e4gt zu einem normalen Energiestoffwechsel bei.Bei der Eiwei\u00dfsynthese und der DNA-Synthese ist Zink ma\u00dfgeblich beteiligt. Zinktr\u00e4gt zur Funktion der Potenz, Libido, Fruchtbarkeit, einer normalenReproduktion und zur kognitiven Funktion* bei. Selen ist zur Spermabildung undzu einer normalen Schilddr\u00fcsenfunktion notwendig.<\/p>\n<p>F\u00fcr die Funktion der Haut wird Zink ben\u00f6tigt. DieErhaltung normaler Haare und N\u00e4gel ist Zink und Selen zuzuschreiben. Zink undMangan wird unter anderem f\u00fcr normale Knochen und Bindegewebe ben\u00f6tigt. Manganzur normalen Bindegewebsbildung.<\/p>\n<p>Selen und Mangan haben die Funktion einesAntioxidans und tragen dazu bei, die Zellen vor oxidativem Stress zu sch\u00fctzen<\/p>\n","protected":false},"excerpt":{"rendered":"<p>Die Spurenelemente Zink, Selen und Mangan sindsogenannte Allrounder und u.a. f\u00fcr unser Immunsystem mitverantwortlich. Zinkhat eine lebenswichtige Funktion beim normalen Stoffwechsel, Fetts\u00e4urestoffwechsel,von S\u00e4uren und Basen, Kohlenhydraten, Makron\u00e4hrstoffen und demVitamin-A-Stoffwechsel. Mangan tr\u00e4gt zu einem normalen Energiestoffwechsel bei.Bei der Eiwei\u00dfsynthese und der DNA-Synthese ist Zink ma\u00dfgeblich beteiligt. Zinktr\u00e4gt zur Funktion der Potenz, Libido, Fruchtbarkeit, einer normalenReproduktion und [&hellip;]<\/p>\n","protected":false},"featured_media":53165,"template":"","meta":{"_acf_changed":false},"product_brand":[],"product_cat":[792],"product_tag":[],"class_list":{"0":"post-53163","1":"product","2":"type-product","3":"status-publish","4":"has-post-thumbnail","6":"product_cat-d","7":"pa_farbe-beige-weiss","8":"pa_geschmack-milde-minze","9":"pa_packungsgroesse-50-stueck","11":"first","12":"instock","13":"shipping-taxable","14":"purchasable","15":"product-type-simple"},"acf":[],"_links":{"self":[{"href":"https:\/\/www.ernstbrunn-apotheke.at\/katalog\/wp-json\/wp\/v2\/product\/53163","targetHints":{"allow":["GET"]}}],"collection":[{"href":"https:\/\/www.ernstbrunn-apotheke.at\/katalog\/wp-json\/wp\/v2\/product"}],"about":[{"href":"https:\/\/www.ernstbrunn-apotheke.at\/katalog\/wp-json\/wp\/v2\/types\/product"}],"wp:featuredmedia":[{"embeddable":true,"href":"https:\/\/www.ernstbrunn-apotheke.at\/katalog\/wp-json\/wp\/v2\/media\/53165"}],"wp:attachment":[{"href":"https:\/\/www.ernstbrunn-apotheke.at\/katalog\/wp-json\/wp\/v2\/media?parent=53163"}],"wp:term":[{"taxonomy":"product_brand","embeddable":true,"href":"https:\/\/www.ernstbrunn-apotheke.at\/katalog\/wp-json\/wp\/v2\/product_brand?post=53163"},{"taxonomy":"product_cat","embeddable":true,"href":"https:\/\/www.ernstbrunn-apotheke.at\/katalog\/wp-json\/wp\/v2\/product_cat?post=53163"},{"taxonomy":"product_tag","embeddable":true,"href":"https:\/\/www.ernstbrunn-apotheke.at\/katalog\/wp-json\/wp\/v2\/product_tag?post=53163"}],"curies":[{"name":"wp","href":"https:\/\/api.w.org\/{rel}","templated":true}]}}