{"id":52559,"date":"2025-11-10T19:32:31","date_gmt":"2025-11-10T18:32:31","guid":{"rendered":"https:\/\/www.ernstbrunn-apotheke.at\/katalog\/produkt\/pure-encapsulations-bromelain-dr-kapseln-30-stk\/"},"modified":"2025-12-08T16:49:46","modified_gmt":"2025-12-08T15:49:46","slug":"pure-encapsulations-bromelain-dr-kapseln-30-stk","status":"publish","type":"product","link":"https:\/\/www.ernstbrunn-apotheke.at\/katalog\/produkt\/pure-encapsulations-bromelain-dr-kapseln-30-stk\/","title":{"rendered":"Pure Encapsulations  Bromelain DR Kapseln 30 Stk."},"content":{"rendered":"<p>Bromelain wird rein nat\u00fcrlich aus dem Stamm der Ananasgewonnen und ist sowohl im sauren Milieu des Magens, als auchim basischen Milieu des D\u00fcnndarms aktiv. Es ist eine pflanzlicheEnzymkombination und keine isolierte Substanz. Bromelainumfasst also eine Gruppe von verschiedenen Enzymen (Enzymesind Biokatalysatoren) und stellt eine nat\u00fcrliche Erg\u00e4nzung derErn\u00e4hrung dar.<\/p>\n","protected":false},"excerpt":{"rendered":"<p>Bromelain wird rein nat\u00fcrlich aus dem Stamm der Ananasgewonnen und ist sowohl im sauren Milieu des Magens, als auchim basischen Milieu des D\u00fcnndarms aktiv. Es ist eine pflanzlicheEnzymkombination und keine isolierte Substanz. Bromelainumfasst also eine Gruppe von verschiedenen Enzymen (Enzymesind Biokatalysatoren) und stellt eine nat\u00fcrliche Erg\u00e4nzung derErn\u00e4hrung dar.<\/p>\n","protected":false},"featured_media":52561,"template":"","meta":{"_acf_changed":false},"product_brand":[336],"product_cat":[793],"product_tag":[],"class_list":{"0":"post-52559","1":"product","2":"type-product","3":"status-publish","4":"has-post-thumbnail","6":"product_brand-pure-encapsulations","7":"product_cat-p","8":"pa_packungsgroesse-30-stueck","10":"first","11":"instock","12":"shipping-taxable","13":"purchasable","14":"product-type-simple"},"acf":[],"_links":{"self":[{"href":"https:\/\/www.ernstbrunn-apotheke.at\/katalog\/wp-json\/wp\/v2\/product\/52559","targetHints":{"allow":["GET"]}}],"collection":[{"href":"https:\/\/www.ernstbrunn-apotheke.at\/katalog\/wp-json\/wp\/v2\/product"}],"about":[{"href":"https:\/\/www.ernstbrunn-apotheke.at\/katalog\/wp-json\/wp\/v2\/types\/product"}],"wp:featuredmedia":[{"embeddable":true,"href":"https:\/\/www.ernstbrunn-apotheke.at\/katalog\/wp-json\/wp\/v2\/media\/52561"}],"wp:attachment":[{"href":"https:\/\/www.ernstbrunn-apotheke.at\/katalog\/wp-json\/wp\/v2\/media?parent=52559"}],"wp:term":[{"taxonomy":"product_brand","embeddable":true,"href":"https:\/\/www.ernstbrunn-apotheke.at\/katalog\/wp-json\/wp\/v2\/product_brand?post=52559"},{"taxonomy":"product_cat","embeddable":true,"href":"https:\/\/www.ernstbrunn-apotheke.at\/katalog\/wp-json\/wp\/v2\/product_cat?post=52559"},{"taxonomy":"product_tag","embeddable":true,"href":"https:\/\/www.ernstbrunn-apotheke.at\/katalog\/wp-json\/wp\/v2\/product_tag?post=52559"}],"curies":[{"name":"wp","href":"https:\/\/api.w.org\/{rel}","templated":true}]}}