{"id":52456,"date":"2025-11-10T19:30:29","date_gmt":"2025-11-10T18:30:29","guid":{"rendered":"https:\/\/www.ernstbrunn-apotheke.at\/katalog\/produkt\/centrum-capletten-generation-50-100-stk\/"},"modified":"2025-12-08T16:49:27","modified_gmt":"2025-12-08T15:49:27","slug":"centrum-capletten-generation-50-100-stk","status":"publish","type":"product","link":"https:\/\/www.ernstbrunn-apotheke.at\/katalog\/produkt\/centrum-capletten-generation-50-100-stk\/","title":{"rendered":"Centrum Capletten Generation 50+ 100 Stk."},"content":{"rendered":"<p>Centrum Capletten Generation 50+ sind f\u00fcr den Erhalt des Wohlbefindens und der Leistungsf\u00e4higkeit besonders wichtig. Nur eine Caplette tr\u00e4gt zur Deckung des Tagesbedarfs an allen wichtigen Vitaminen, Mineralstoffen und Spurenelementen bei.<\/p>\n","protected":false},"excerpt":{"rendered":"<p>Centrum Capletten Generation 50+ sind f\u00fcr den Erhalt des Wohlbefindens und der Leistungsf\u00e4higkeit besonders wichtig. Nur eine Caplette tr\u00e4gt zur Deckung des Tagesbedarfs an allen wichtigen Vitaminen, Mineralstoffen und Spurenelementen bei.<\/p>\n","protected":false},"featured_media":52458,"template":"","meta":{"_acf_changed":false},"product_brand":[1052],"product_cat":[812],"product_tag":[],"class_list":{"0":"post-52456","1":"product","2":"type-product","3":"status-publish","4":"has-post-thumbnail","6":"product_brand-centrum","7":"product_cat-c","8":"pa_packungsgroesse-100-stueck","10":"first","11":"instock","12":"shipping-taxable","13":"purchasable","14":"product-type-simple"},"acf":[],"_links":{"self":[{"href":"https:\/\/www.ernstbrunn-apotheke.at\/katalog\/wp-json\/wp\/v2\/product\/52456","targetHints":{"allow":["GET"]}}],"collection":[{"href":"https:\/\/www.ernstbrunn-apotheke.at\/katalog\/wp-json\/wp\/v2\/product"}],"about":[{"href":"https:\/\/www.ernstbrunn-apotheke.at\/katalog\/wp-json\/wp\/v2\/types\/product"}],"wp:featuredmedia":[{"embeddable":true,"href":"https:\/\/www.ernstbrunn-apotheke.at\/katalog\/wp-json\/wp\/v2\/media\/52458"}],"wp:attachment":[{"href":"https:\/\/www.ernstbrunn-apotheke.at\/katalog\/wp-json\/wp\/v2\/media?parent=52456"}],"wp:term":[{"taxonomy":"product_brand","embeddable":true,"href":"https:\/\/www.ernstbrunn-apotheke.at\/katalog\/wp-json\/wp\/v2\/product_brand?post=52456"},{"taxonomy":"product_cat","embeddable":true,"href":"https:\/\/www.ernstbrunn-apotheke.at\/katalog\/wp-json\/wp\/v2\/product_cat?post=52456"},{"taxonomy":"product_tag","embeddable":true,"href":"https:\/\/www.ernstbrunn-apotheke.at\/katalog\/wp-json\/wp\/v2\/product_tag?post=52456"}],"curies":[{"name":"wp","href":"https:\/\/api.w.org\/{rel}","templated":true}]}}