{"id":52418,"date":"2025-11-10T19:29:58","date_gmt":"2025-11-10T18:29:58","guid":{"rendered":"https:\/\/www.ernstbrunn-apotheke.at\/katalog\/produkt\/pure-encapsulations-folate-400-metafolin-90-stk\/"},"modified":"2025-12-08T16:49:17","modified_gmt":"2025-12-08T15:49:17","slug":"pure-encapsulations-folate-400-metafolin-90-stk","status":"publish","type":"product","link":"https:\/\/www.ernstbrunn-apotheke.at\/katalog\/produkt\/pure-encapsulations-folate-400-metafolin-90-stk\/","title":{"rendered":"Pure Encapsulations Folate 400 Metafolin 90 Stk."},"content":{"rendered":"<p>Das besondere an Pure Encapsulations\u00ae Folate 400 ist, dass esMetafolin\u00ae enth\u00e4lt. Das ist die Calciumverbindung der im K\u00f6rperbereits nat\u00fcrlich vorkommenden bioaktiven Form von Fols\u00e4ure(5-MTHF). Metafolin\u00ae ist direkt f\u00fcr den Organismus verf\u00fcgbar, daes im Gegensatz zu Fols\u00e4ure nicht mehr \u00fcber das Enzym \u201eMTHFR\u201caktiviert werden muss und ist daher auch bei Frauen effektiv, dieFols\u00e4ure nur suboptimal in bioaktives Folat umwandeln k\u00f6nnen.Es ist schwierig, die empfohlene Menge an Folat mit der Nahrungaufzunehmen. Eine ausreichende Versorgung mit Fols\u00e4ure ist f\u00fcrdie Zellteilung von Bedeutung.<\/p>\n","protected":false},"excerpt":{"rendered":"<p>Das besondere an Pure Encapsulations\u00ae Folate 400 ist, dass esMetafolin\u00ae enth\u00e4lt. Das ist die Calciumverbindung der im K\u00f6rperbereits nat\u00fcrlich vorkommenden bioaktiven Form von Fols\u00e4ure(5-MTHF). Metafolin\u00ae ist direkt f\u00fcr den Organismus verf\u00fcgbar, daes im Gegensatz zu Fols\u00e4ure nicht mehr \u00fcber das Enzym \u201eMTHFR\u201caktiviert werden muss und ist daher auch bei Frauen effektiv, dieFols\u00e4ure nur suboptimal in [&hellip;]<\/p>\n","protected":false},"featured_media":52420,"template":"","meta":{"_acf_changed":false},"product_brand":[336],"product_cat":[793],"product_tag":[],"class_list":{"0":"post-52418","1":"product","2":"type-product","3":"status-publish","4":"has-post-thumbnail","6":"product_brand-pure-encapsulations","7":"product_cat-p","8":"pa_packungsgroesse-90-stueck","10":"first","11":"instock","12":"shipping-taxable","13":"purchasable","14":"product-type-simple"},"acf":[],"_links":{"self":[{"href":"https:\/\/www.ernstbrunn-apotheke.at\/katalog\/wp-json\/wp\/v2\/product\/52418","targetHints":{"allow":["GET"]}}],"collection":[{"href":"https:\/\/www.ernstbrunn-apotheke.at\/katalog\/wp-json\/wp\/v2\/product"}],"about":[{"href":"https:\/\/www.ernstbrunn-apotheke.at\/katalog\/wp-json\/wp\/v2\/types\/product"}],"wp:featuredmedia":[{"embeddable":true,"href":"https:\/\/www.ernstbrunn-apotheke.at\/katalog\/wp-json\/wp\/v2\/media\/52420"}],"wp:attachment":[{"href":"https:\/\/www.ernstbrunn-apotheke.at\/katalog\/wp-json\/wp\/v2\/media?parent=52418"}],"wp:term":[{"taxonomy":"product_brand","embeddable":true,"href":"https:\/\/www.ernstbrunn-apotheke.at\/katalog\/wp-json\/wp\/v2\/product_brand?post=52418"},{"taxonomy":"product_cat","embeddable":true,"href":"https:\/\/www.ernstbrunn-apotheke.at\/katalog\/wp-json\/wp\/v2\/product_cat?post=52418"},{"taxonomy":"product_tag","embeddable":true,"href":"https:\/\/www.ernstbrunn-apotheke.at\/katalog\/wp-json\/wp\/v2\/product_tag?post=52418"}],"curies":[{"name":"wp","href":"https:\/\/api.w.org\/{rel}","templated":true}]}}