{"id":52298,"date":"2025-11-10T19:27:57","date_gmt":"2025-11-10T18:27:57","guid":{"rendered":"https:\/\/www.ernstbrunn-apotheke.at\/katalog\/produkt\/magnesium-diasporal-400-extra-direkt-50-stk\/"},"modified":"2025-12-08T16:48:47","modified_gmt":"2025-12-08T15:48:47","slug":"magnesium-diasporal-400-extra-direkt-50-stk","status":"publish","type":"product","link":"https:\/\/www.ernstbrunn-apotheke.at\/katalog\/produkt\/magnesium-diasporal-400-extra-direkt-50-stk\/","title":{"rendered":"Magnesium Diasporal 400 Extra Direkt 50 Stk."},"content":{"rendered":"<p>Magnesium Diasporal 400 Extra Direkt enth\u00e4lt extra viel Magnesium und eignet sich besonders f\u00fcr Personen, die einen erh\u00f6hten Magnesiumbedarf haben. Das Direktgranulat kann schnell und ohne Fl\u00fcssigkeit eingenommen werden, l\u00e4sst sich direkt im Mund und versorgt Ihren K\u00f6rper mit 400 mg Magnesium.<\/p>\n","protected":false},"excerpt":{"rendered":"<p>Magnesium Diasporal 400 Extra Direkt enth\u00e4lt extra viel Magnesium und eignet sich besonders f\u00fcr Personen, die einen erh\u00f6hten Magnesiumbedarf haben. Das Direktgranulat kann schnell und ohne Fl\u00fcssigkeit eingenommen werden, l\u00e4sst sich direkt im Mund und versorgt Ihren K\u00f6rper mit 400 mg Magnesium.<\/p>\n","protected":false},"featured_media":52300,"template":"","meta":{"_acf_changed":false},"product_brand":[],"product_cat":[800],"product_tag":[],"class_list":{"0":"post-52298","1":"product","2":"type-product","3":"status-publish","4":"has-post-thumbnail","6":"product_cat-m","7":"pa_packungsgroesse-50-stueck","9":"first","10":"instock","11":"shipping-taxable","12":"purchasable","13":"product-type-simple"},"acf":[],"_links":{"self":[{"href":"https:\/\/www.ernstbrunn-apotheke.at\/katalog\/wp-json\/wp\/v2\/product\/52298","targetHints":{"allow":["GET"]}}],"collection":[{"href":"https:\/\/www.ernstbrunn-apotheke.at\/katalog\/wp-json\/wp\/v2\/product"}],"about":[{"href":"https:\/\/www.ernstbrunn-apotheke.at\/katalog\/wp-json\/wp\/v2\/types\/product"}],"wp:featuredmedia":[{"embeddable":true,"href":"https:\/\/www.ernstbrunn-apotheke.at\/katalog\/wp-json\/wp\/v2\/media\/52300"}],"wp:attachment":[{"href":"https:\/\/www.ernstbrunn-apotheke.at\/katalog\/wp-json\/wp\/v2\/media?parent=52298"}],"wp:term":[{"taxonomy":"product_brand","embeddable":true,"href":"https:\/\/www.ernstbrunn-apotheke.at\/katalog\/wp-json\/wp\/v2\/product_brand?post=52298"},{"taxonomy":"product_cat","embeddable":true,"href":"https:\/\/www.ernstbrunn-apotheke.at\/katalog\/wp-json\/wp\/v2\/product_cat?post=52298"},{"taxonomy":"product_tag","embeddable":true,"href":"https:\/\/www.ernstbrunn-apotheke.at\/katalog\/wp-json\/wp\/v2\/product_tag?post=52298"}],"curies":[{"name":"wp","href":"https:\/\/api.w.org\/{rel}","templated":true}]}}