{"id":52066,"date":"2025-11-10T19:22:49","date_gmt":"2025-11-10T18:22:49","guid":{"rendered":"https:\/\/www.ernstbrunn-apotheke.at\/katalog\/produkt\/c-med-vitamin-c-zink-depotkapseln-60-stk\/"},"modified":"2025-12-08T16:47:55","modified_gmt":"2025-12-08T15:47:55","slug":"c-med-vitamin-c-zink-depotkapseln-60-stk","status":"publish","type":"product","link":"https:\/\/www.ernstbrunn-apotheke.at\/katalog\/produkt\/c-med-vitamin-c-zink-depotkapseln-60-stk\/","title":{"rendered":"C-med Vitamin C + Zink Depotkapseln 60 Stk."},"content":{"rendered":"<p>C-med Vitamin C + Zink Depot Kapseln dienen zur Nahrungserg\u00e4nzung und st\u00e4rken das Immunsystem. Dar\u00fcber hinaus f\u00f6rdern die Kapseln Antrieb und Leistungskraft..<\/p>\n","protected":false},"excerpt":{"rendered":"<p>C-med Vitamin C + Zink Depot Kapseln dienen zur Nahrungserg\u00e4nzung und st\u00e4rken das Immunsystem. Dar\u00fcber hinaus f\u00f6rdern die Kapseln Antrieb und Leistungskraft..<\/p>\n","protected":false},"featured_media":52068,"template":"","meta":{"_acf_changed":false},"product_brand":[],"product_cat":[812],"product_tag":[],"class_list":{"0":"post-52066","1":"product","2":"type-product","3":"status-publish","4":"has-post-thumbnail","6":"product_cat-c","7":"pa_packungsgroesse-30-stueck","8":"pa_packungsgroesse-60-stueck","10":"first","11":"instock","12":"shipping-taxable","13":"purchasable","14":"product-type-simple"},"acf":[],"_links":{"self":[{"href":"https:\/\/www.ernstbrunn-apotheke.at\/katalog\/wp-json\/wp\/v2\/product\/52066","targetHints":{"allow":["GET"]}}],"collection":[{"href":"https:\/\/www.ernstbrunn-apotheke.at\/katalog\/wp-json\/wp\/v2\/product"}],"about":[{"href":"https:\/\/www.ernstbrunn-apotheke.at\/katalog\/wp-json\/wp\/v2\/types\/product"}],"wp:featuredmedia":[{"embeddable":true,"href":"https:\/\/www.ernstbrunn-apotheke.at\/katalog\/wp-json\/wp\/v2\/media\/52068"}],"wp:attachment":[{"href":"https:\/\/www.ernstbrunn-apotheke.at\/katalog\/wp-json\/wp\/v2\/media?parent=52066"}],"wp:term":[{"taxonomy":"product_brand","embeddable":true,"href":"https:\/\/www.ernstbrunn-apotheke.at\/katalog\/wp-json\/wp\/v2\/product_brand?post=52066"},{"taxonomy":"product_cat","embeddable":true,"href":"https:\/\/www.ernstbrunn-apotheke.at\/katalog\/wp-json\/wp\/v2\/product_cat?post=52066"},{"taxonomy":"product_tag","embeddable":true,"href":"https:\/\/www.ernstbrunn-apotheke.at\/katalog\/wp-json\/wp\/v2\/product_tag?post=52066"}],"curies":[{"name":"wp","href":"https:\/\/api.w.org\/{rel}","templated":true}]}}