{"id":51644,"date":"2025-11-10T19:14:38","date_gmt":"2025-11-10T18:14:38","guid":{"rendered":"https:\/\/www.ernstbrunn-apotheke.at\/katalog\/produkt\/mag-pfeiffers-opc\/"},"modified":"2025-12-08T16:46:21","modified_gmt":"2025-12-08T15:46:21","slug":"mag-pfeiffers-opc","status":"publish","type":"product","link":"https:\/\/www.ernstbrunn-apotheke.at\/katalog\/produkt\/mag-pfeiffers-opc\/","title":{"rendered":"Mag. Pfeiffer\u2019s\u00ae OPC"},"content":{"rendered":"<p>Mag. Pfeiffer\u2019s\u00ae OPC 75 mg Kapseln 120 Stk. sind ein standardisiertes pflanzliches Naturprodukt aus sorgf\u00e4ltig ausgew\u00e4hlten Rohstoffquellen. OPC ist die Abk\u00fcrzung f\u00fcr Oligomere Pro-Anthocyanidine. OPC wird unter anderem als kraftvolles Antioxidans gegen freie Radikale, f\u00fcr eine glatte faltenreduzierte und geschmeidige Haut und f\u00fcr ein kr\u00e4ftiges Bindegewebe verwendet.<\/p>\n","protected":false},"excerpt":{"rendered":"<p>Mag. Pfeiffer\u2019s\u00ae OPC 75 mg Kapseln 120 Stk. sind ein standardisiertes pflanzliches Naturprodukt aus sorgf\u00e4ltig ausgew\u00e4hlten Rohstoffquellen. OPC ist die Abk\u00fcrzung f\u00fcr Oligomere Pro-Anthocyanidine. OPC wird unter anderem als kraftvolles Antioxidans gegen freie Radikale, f\u00fcr eine glatte faltenreduzierte und geschmeidige Haut und f\u00fcr ein kr\u00e4ftiges Bindegewebe verwendet.<\/p>\n","protected":false},"featured_media":51646,"template":"","meta":{"_acf_changed":false},"product_brand":[498],"product_cat":[800],"product_tag":[],"class_list":{"0":"post-51644","1":"product","2":"type-product","3":"status-publish","4":"has-post-thumbnail","6":"product_brand-mag-pfeiffers","7":"product_cat-m","8":"pa_farbe-rot","9":"pa_packungsgroesse-120-stueck","10":"pa_packungsgroesse-60-stueck","12":"first","13":"instock","14":"shipping-taxable","15":"purchasable","16":"product-type-simple"},"acf":[],"_links":{"self":[{"href":"https:\/\/www.ernstbrunn-apotheke.at\/katalog\/wp-json\/wp\/v2\/product\/51644","targetHints":{"allow":["GET"]}}],"collection":[{"href":"https:\/\/www.ernstbrunn-apotheke.at\/katalog\/wp-json\/wp\/v2\/product"}],"about":[{"href":"https:\/\/www.ernstbrunn-apotheke.at\/katalog\/wp-json\/wp\/v2\/types\/product"}],"wp:featuredmedia":[{"embeddable":true,"href":"https:\/\/www.ernstbrunn-apotheke.at\/katalog\/wp-json\/wp\/v2\/media\/51646"}],"wp:attachment":[{"href":"https:\/\/www.ernstbrunn-apotheke.at\/katalog\/wp-json\/wp\/v2\/media?parent=51644"}],"wp:term":[{"taxonomy":"product_brand","embeddable":true,"href":"https:\/\/www.ernstbrunn-apotheke.at\/katalog\/wp-json\/wp\/v2\/product_brand?post=51644"},{"taxonomy":"product_cat","embeddable":true,"href":"https:\/\/www.ernstbrunn-apotheke.at\/katalog\/wp-json\/wp\/v2\/product_cat?post=51644"},{"taxonomy":"product_tag","embeddable":true,"href":"https:\/\/www.ernstbrunn-apotheke.at\/katalog\/wp-json\/wp\/v2\/product_tag?post=51644"}],"curies":[{"name":"wp","href":"https:\/\/api.w.org\/{rel}","templated":true}]}}