{"id":51450,"date":"2025-11-10T19:10:33","date_gmt":"2025-11-10T18:10:33","guid":{"rendered":"https:\/\/www.ernstbrunn-apotheke.at\/katalog\/produkt\/kwizda-calcium-vitamin-d3-schluck-und-kautabletten-28-stk\/"},"modified":"2025-12-08T16:45:38","modified_gmt":"2025-12-08T15:45:38","slug":"kwizda-calcium-vitamin-d3-schluck-und-kautabletten-28-stk","status":"publish","type":"product","link":"https:\/\/www.ernstbrunn-apotheke.at\/katalog\/produkt\/kwizda-calcium-vitamin-d3-schluck-und-kautabletten-28-stk\/","title":{"rendered":"Kwizda Calcium + Vitamin D3 Schluck- und Kautabletten 28 Stk."},"content":{"rendered":"<p>Kwizda Calcium + Vitamin D3 Tabletten ist ein Nahrungserg\u00e4nzungsmittel mit Vitamin D3 und Calcium zur di\u00e4tetischen Unterst\u00fctzung der Osteoporose. Die Tabletten mit der speziellen Galenik k\u00f6nnen geschluckt oder gekaut werden und sind gastrointestinal gut vertr\u00e4glich.<\/p>\n","protected":false},"excerpt":{"rendered":"<p>Kwizda Calcium + Vitamin D3 Tabletten ist ein Nahrungserg\u00e4nzungsmittel mit Vitamin D3 und Calcium zur di\u00e4tetischen Unterst\u00fctzung der Osteoporose. Die Tabletten mit der speziellen Galenik k\u00f6nnen geschluckt oder gekaut werden und sind gastrointestinal gut vertr\u00e4glich.<\/p>\n","protected":false},"featured_media":51452,"template":"","meta":{"_acf_changed":false},"product_brand":[581],"product_cat":[807],"product_tag":[],"class_list":{"0":"post-51450","1":"product","2":"type-product","3":"status-publish","4":"has-post-thumbnail","6":"product_brand-kwizda","7":"product_cat-k","8":"pa_packungsgroesse-28-stueck","10":"first","11":"instock","12":"shipping-taxable","13":"purchasable","14":"product-type-simple"},"acf":[],"_links":{"self":[{"href":"https:\/\/www.ernstbrunn-apotheke.at\/katalog\/wp-json\/wp\/v2\/product\/51450","targetHints":{"allow":["GET"]}}],"collection":[{"href":"https:\/\/www.ernstbrunn-apotheke.at\/katalog\/wp-json\/wp\/v2\/product"}],"about":[{"href":"https:\/\/www.ernstbrunn-apotheke.at\/katalog\/wp-json\/wp\/v2\/types\/product"}],"wp:featuredmedia":[{"embeddable":true,"href":"https:\/\/www.ernstbrunn-apotheke.at\/katalog\/wp-json\/wp\/v2\/media\/51452"}],"wp:attachment":[{"href":"https:\/\/www.ernstbrunn-apotheke.at\/katalog\/wp-json\/wp\/v2\/media?parent=51450"}],"wp:term":[{"taxonomy":"product_brand","embeddable":true,"href":"https:\/\/www.ernstbrunn-apotheke.at\/katalog\/wp-json\/wp\/v2\/product_brand?post=51450"},{"taxonomy":"product_cat","embeddable":true,"href":"https:\/\/www.ernstbrunn-apotheke.at\/katalog\/wp-json\/wp\/v2\/product_cat?post=51450"},{"taxonomy":"product_tag","embeddable":true,"href":"https:\/\/www.ernstbrunn-apotheke.at\/katalog\/wp-json\/wp\/v2\/product_tag?post=51450"}],"curies":[{"name":"wp","href":"https:\/\/api.w.org\/{rel}","templated":true}]}}