{"id":51409,"date":"2025-11-10T19:09:59","date_gmt":"2025-11-10T18:09:59","guid":{"rendered":"https:\/\/www.ernstbrunn-apotheke.at\/katalog\/produkt\/apoforce-lebertran-kapseln-60-stk\/"},"modified":"2025-12-08T16:45:29","modified_gmt":"2025-12-08T15:45:29","slug":"apoforce-lebertran-kapseln-60-stk","status":"publish","type":"product","link":"https:\/\/www.ernstbrunn-apotheke.at\/katalog\/produkt\/apoforce-lebertran-kapseln-60-stk\/","title":{"rendered":"Apoforce LEBERTRAN Kapseln 60 Stk."},"content":{"rendered":"<p>Apoforce LEBERTRAN Kapseln enth\u00e4lt Lebertran aus dem Dorsch\u00f6l, wodurch dem K\u00f6rper Vitamin A, D und Omega-3-Fetts\u00e4uren zugef\u00fchrt werden. Unterst\u00fctzt eine regelrechte Herz-Kreislauf-Funktion, sowie Muskel- und Knochenerhalt.<\/p>\n","protected":false},"excerpt":{"rendered":"<p>Apoforce LEBERTRAN Kapseln enth\u00e4lt Lebertran aus dem Dorsch\u00f6l, wodurch dem K\u00f6rper Vitamin A, D und Omega-3-Fetts\u00e4uren zugef\u00fchrt werden. Unterst\u00fctzt eine regelrechte Herz-Kreislauf-Funktion, sowie Muskel- und Knochenerhalt.<\/p>\n","protected":false},"featured_media":51411,"template":"","meta":{"_acf_changed":false},"product_brand":[],"product_cat":[801],"product_tag":[],"class_list":{"0":"post-51409","1":"product","2":"type-product","3":"status-publish","4":"has-post-thumbnail","6":"product_cat-a","7":"pa_packungsgroesse-60-stueck","9":"first","10":"instock","11":"shipping-taxable","12":"purchasable","13":"product-type-simple"},"acf":[],"_links":{"self":[{"href":"https:\/\/www.ernstbrunn-apotheke.at\/katalog\/wp-json\/wp\/v2\/product\/51409","targetHints":{"allow":["GET"]}}],"collection":[{"href":"https:\/\/www.ernstbrunn-apotheke.at\/katalog\/wp-json\/wp\/v2\/product"}],"about":[{"href":"https:\/\/www.ernstbrunn-apotheke.at\/katalog\/wp-json\/wp\/v2\/types\/product"}],"wp:featuredmedia":[{"embeddable":true,"href":"https:\/\/www.ernstbrunn-apotheke.at\/katalog\/wp-json\/wp\/v2\/media\/51411"}],"wp:attachment":[{"href":"https:\/\/www.ernstbrunn-apotheke.at\/katalog\/wp-json\/wp\/v2\/media?parent=51409"}],"wp:term":[{"taxonomy":"product_brand","embeddable":true,"href":"https:\/\/www.ernstbrunn-apotheke.at\/katalog\/wp-json\/wp\/v2\/product_brand?post=51409"},{"taxonomy":"product_cat","embeddable":true,"href":"https:\/\/www.ernstbrunn-apotheke.at\/katalog\/wp-json\/wp\/v2\/product_cat?post=51409"},{"taxonomy":"product_tag","embeddable":true,"href":"https:\/\/www.ernstbrunn-apotheke.at\/katalog\/wp-json\/wp\/v2\/product_tag?post=51409"}],"curies":[{"name":"wp","href":"https:\/\/api.w.org\/{rel}","templated":true}]}}