{"id":51385,"date":"2025-11-10T19:08:59","date_gmt":"2025-11-10T18:08:59","guid":{"rendered":"https:\/\/www.ernstbrunn-apotheke.at\/katalog\/produkt\/biovital-energie-elixier-650-ml\/"},"modified":"2025-12-08T16:45:25","modified_gmt":"2025-12-08T15:45:25","slug":"biovital-energie-elixier-650-ml","status":"publish","type":"product","link":"https:\/\/www.ernstbrunn-apotheke.at\/katalog\/produkt\/biovital-energie-elixier-650-ml\/","title":{"rendered":"Biovital Energie-Elixier 650 ml"},"content":{"rendered":"<p>BIOVITAL\u00ae Energie-Elixier von BAYER hilft die nat\u00fcrliche Leistungskraft und die Nerven zu st\u00e4rken, K\u00f6rper und Geist morgens zu aktivieren, abends zu beruhigen und f\u00fcr einen guten Schlaf zu sorgen.Zur Erhaltung der Vitalit\u00e4t und der nat\u00fcrlichen Leistungskraft ist es wichtig, den K\u00f6rper mit zus\u00e4tzlichen Vitalstoffen zu versorgen. Das Energie Elixier von biovital unterst\u00fctzt die Verbesserung der Leistungsf\u00e4higkeit und des allgemeinen Wohlbefindens. Das Nahrungserg\u00e4nzungsmittel ist mit wertvollen Vitalstoffen wie Vitamin B6 und C, Eisen, Niacin, Thiamin und Riboflavin angereichert..<\/p>\n","protected":false},"excerpt":{"rendered":"<p>BIOVITAL\u00ae Energie-Elixier von BAYER hilft die nat\u00fcrliche Leistungskraft und die Nerven zu st\u00e4rken, K\u00f6rper und Geist morgens zu aktivieren, abends zu beruhigen und f\u00fcr einen guten Schlaf zu sorgen.Zur Erhaltung der Vitalit\u00e4t und der nat\u00fcrlichen Leistungskraft ist es wichtig, den K\u00f6rper mit zus\u00e4tzlichen Vitalstoffen zu versorgen. Das Energie Elixier von biovital unterst\u00fctzt die Verbesserung der [&hellip;]<\/p>\n","protected":false},"featured_media":51387,"template":"","meta":{"_acf_changed":false},"product_brand":[],"product_cat":[802],"product_tag":[],"class_list":{"0":"post-51385","1":"product","2":"type-product","3":"status-publish","4":"has-post-thumbnail","6":"product_cat-b","7":"pa_packungsgroesse-650ml","9":"first","10":"instock","11":"shipping-taxable","12":"purchasable","13":"product-type-simple"},"acf":[],"_links":{"self":[{"href":"https:\/\/www.ernstbrunn-apotheke.at\/katalog\/wp-json\/wp\/v2\/product\/51385","targetHints":{"allow":["GET"]}}],"collection":[{"href":"https:\/\/www.ernstbrunn-apotheke.at\/katalog\/wp-json\/wp\/v2\/product"}],"about":[{"href":"https:\/\/www.ernstbrunn-apotheke.at\/katalog\/wp-json\/wp\/v2\/types\/product"}],"wp:featuredmedia":[{"embeddable":true,"href":"https:\/\/www.ernstbrunn-apotheke.at\/katalog\/wp-json\/wp\/v2\/media\/51387"}],"wp:attachment":[{"href":"https:\/\/www.ernstbrunn-apotheke.at\/katalog\/wp-json\/wp\/v2\/media?parent=51385"}],"wp:term":[{"taxonomy":"product_brand","embeddable":true,"href":"https:\/\/www.ernstbrunn-apotheke.at\/katalog\/wp-json\/wp\/v2\/product_brand?post=51385"},{"taxonomy":"product_cat","embeddable":true,"href":"https:\/\/www.ernstbrunn-apotheke.at\/katalog\/wp-json\/wp\/v2\/product_cat?post=51385"},{"taxonomy":"product_tag","embeddable":true,"href":"https:\/\/www.ernstbrunn-apotheke.at\/katalog\/wp-json\/wp\/v2\/product_tag?post=51385"}],"curies":[{"name":"wp","href":"https:\/\/api.w.org\/{rel}","templated":true}]}}