{"id":51302,"date":"2025-11-10T19:08:07","date_gmt":"2025-11-10T18:08:07","guid":{"rendered":"https:\/\/www.ernstbrunn-apotheke.at\/katalog\/produkt\/solarvit-osteo-d3-k2-ca-filmtabletten-60-stk\/"},"modified":"2025-12-08T16:45:10","modified_gmt":"2025-12-08T15:45:10","slug":"solarvit-osteo-d3-k2-ca-filmtabletten-60-stk","status":"publish","type":"product","link":"https:\/\/www.ernstbrunn-apotheke.at\/katalog\/produkt\/solarvit-osteo-d3-k2-ca-filmtabletten-60-stk\/","title":{"rendered":"Solarvit OSTEO D3 K2 Ca Filmtabletten 60 Stk."},"content":{"rendered":"<p>Solarvit OSTEO D3 K2 Ca FTBL ist ein Nahrungserg\u00e4nzungsmittel mit Vitamin D3, Vitamin K2 und Kalzium . Allgemein gut bekannt ist, dass Kalzium und Vitamin D wichtig f\u00fcr die Gesunderhaltung der Knochen sind. Dabei beg\u00fcnstigt Vitamin D die Darmresorption des aus der Nahrung aufgenommenen Kalziums in den K\u00f6rper.Neue wissenschaftliche Erkenntnisse zeigen, dass f\u00fcr die optimale Kalziumverwertung jedoch noch ein weiteres Vitamin essentiell ist: Vitamin K2 tr\u00e4gt durch die Aktivierung des Proteins Osteocalcin zum aktiven Einbau von Kalzium in die Knochen bei.Damit liefern Kalzium, Vitamin D und Vitamin K2 im Zusammenspiel einen wichtigen Beitrag zur Knochengesundheit.<\/p>\n","protected":false},"excerpt":{"rendered":"<p>Solarvit OSTEO D3 K2 Ca FTBL ist ein Nahrungserg\u00e4nzungsmittel mit Vitamin D3, Vitamin K2 und Kalzium . Allgemein gut bekannt ist, dass Kalzium und Vitamin D wichtig f\u00fcr die Gesunderhaltung der Knochen sind. Dabei beg\u00fcnstigt Vitamin D die Darmresorption des aus der Nahrung aufgenommenen Kalziums in den K\u00f6rper.Neue wissenschaftliche Erkenntnisse zeigen, dass f\u00fcr die optimale [&hellip;]<\/p>\n","protected":false},"featured_media":51304,"template":"","meta":{"_acf_changed":false},"product_brand":[1050],"product_cat":[791],"product_tag":[],"class_list":{"0":"post-51302","1":"product","2":"type-product","3":"status-publish","4":"has-post-thumbnail","6":"product_brand-solarvit","7":"product_cat-s","8":"pa_packungsgroesse-60-stueck","10":"first","11":"instock","12":"shipping-taxable","13":"purchasable","14":"product-type-simple"},"acf":[],"_links":{"self":[{"href":"https:\/\/www.ernstbrunn-apotheke.at\/katalog\/wp-json\/wp\/v2\/product\/51302","targetHints":{"allow":["GET"]}}],"collection":[{"href":"https:\/\/www.ernstbrunn-apotheke.at\/katalog\/wp-json\/wp\/v2\/product"}],"about":[{"href":"https:\/\/www.ernstbrunn-apotheke.at\/katalog\/wp-json\/wp\/v2\/types\/product"}],"wp:featuredmedia":[{"embeddable":true,"href":"https:\/\/www.ernstbrunn-apotheke.at\/katalog\/wp-json\/wp\/v2\/media\/51304"}],"wp:attachment":[{"href":"https:\/\/www.ernstbrunn-apotheke.at\/katalog\/wp-json\/wp\/v2\/media?parent=51302"}],"wp:term":[{"taxonomy":"product_brand","embeddable":true,"href":"https:\/\/www.ernstbrunn-apotheke.at\/katalog\/wp-json\/wp\/v2\/product_brand?post=51302"},{"taxonomy":"product_cat","embeddable":true,"href":"https:\/\/www.ernstbrunn-apotheke.at\/katalog\/wp-json\/wp\/v2\/product_cat?post=51302"},{"taxonomy":"product_tag","embeddable":true,"href":"https:\/\/www.ernstbrunn-apotheke.at\/katalog\/wp-json\/wp\/v2\/product_tag?post=51302"}],"curies":[{"name":"wp","href":"https:\/\/api.w.org\/{rel}","templated":true}]}}