{"id":51239,"date":"2025-11-10T19:06:30","date_gmt":"2025-11-10T18:06:30","guid":{"rendered":"https:\/\/www.ernstbrunn-apotheke.at\/katalog\/produkt\/solavit-d3-k2-duoprotect-tropfen-115-ml\/"},"modified":"2025-12-08T16:44:58","modified_gmt":"2025-12-08T15:44:58","slug":"solavit-d3-k2-duoprotect-tropfen-115-ml","status":"publish","type":"product","link":"https:\/\/www.ernstbrunn-apotheke.at\/katalog\/produkt\/solavit-d3-k2-duoprotect-tropfen-115-ml\/","title":{"rendered":"Solavit D3 K2 DuoProtect Tropfen 11,5 ml"},"content":{"rendered":"<p>Solarvit DuoProtect D3 K2 Tropfen ist ein Nahrungserg\u00e4nzungsmittel f\u00fcr gesunde Knochen und zur Regulierung des Kalziumspiegels. Die Tropfen liefern dem K\u00f6rper Kalzium, Vitamin D und Vitamin K2 in einer besonders gut bioverf\u00fcgbaren Form, um die Knochengesundheit zu unterst\u00fctzen. Durch die Darreichung in Form von Tropfen ist die Dosierung mittels Pipette besonders einfach und auch f\u00fcr Personen mit Schluckbeschwerden geeignet.<\/p>\n","protected":false},"excerpt":{"rendered":"<p>Solarvit DuoProtect D3 K2 Tropfen ist ein Nahrungserg\u00e4nzungsmittel f\u00fcr gesunde Knochen und zur Regulierung des Kalziumspiegels. Die Tropfen liefern dem K\u00f6rper Kalzium, Vitamin D und Vitamin K2 in einer besonders gut bioverf\u00fcgbaren Form, um die Knochengesundheit zu unterst\u00fctzen. Durch die Darreichung in Form von Tropfen ist die Dosierung mittels Pipette besonders einfach und auch f\u00fcr [&hellip;]<\/p>\n","protected":false},"featured_media":51241,"template":"","meta":{"_acf_changed":false},"product_brand":[],"product_cat":[791],"product_tag":[],"class_list":{"0":"post-51239","1":"product","2":"type-product","3":"status-publish","4":"has-post-thumbnail","6":"product_cat-s","7":"pa_packungsgroesse-11ml","9":"first","10":"instock","11":"shipping-taxable","12":"purchasable","13":"product-type-simple"},"acf":[],"_links":{"self":[{"href":"https:\/\/www.ernstbrunn-apotheke.at\/katalog\/wp-json\/wp\/v2\/product\/51239","targetHints":{"allow":["GET"]}}],"collection":[{"href":"https:\/\/www.ernstbrunn-apotheke.at\/katalog\/wp-json\/wp\/v2\/product"}],"about":[{"href":"https:\/\/www.ernstbrunn-apotheke.at\/katalog\/wp-json\/wp\/v2\/types\/product"}],"wp:featuredmedia":[{"embeddable":true,"href":"https:\/\/www.ernstbrunn-apotheke.at\/katalog\/wp-json\/wp\/v2\/media\/51241"}],"wp:attachment":[{"href":"https:\/\/www.ernstbrunn-apotheke.at\/katalog\/wp-json\/wp\/v2\/media?parent=51239"}],"wp:term":[{"taxonomy":"product_brand","embeddable":true,"href":"https:\/\/www.ernstbrunn-apotheke.at\/katalog\/wp-json\/wp\/v2\/product_brand?post=51239"},{"taxonomy":"product_cat","embeddable":true,"href":"https:\/\/www.ernstbrunn-apotheke.at\/katalog\/wp-json\/wp\/v2\/product_cat?post=51239"},{"taxonomy":"product_tag","embeddable":true,"href":"https:\/\/www.ernstbrunn-apotheke.at\/katalog\/wp-json\/wp\/v2\/product_tag?post=51239"}],"curies":[{"name":"wp","href":"https:\/\/api.w.org\/{rel}","templated":true}]}}