{"id":51187,"date":"2025-11-10T19:05:39","date_gmt":"2025-11-10T18:05:39","guid":{"rendered":"https:\/\/www.ernstbrunn-apotheke.at\/katalog\/produkt\/pure-encapsulations-magnesium-magnesiumglycinat\/"},"modified":"2025-12-08T16:44:50","modified_gmt":"2025-12-08T15:44:50","slug":"pure-encapsulations-magnesium-magnesiumglycinat","status":"publish","type":"product","link":"https:\/\/www.ernstbrunn-apotheke.at\/katalog\/produkt\/pure-encapsulations-magnesium-magnesiumglycinat\/","title":{"rendered":"Pure Encapsulations Magnesium (Magnesiumglycinat)"},"content":{"rendered":"<p>Magnesium als organisch gebundenes Magnesiumglycinat zeichnet sich durch die besonders gute Vertr\u00e4glichkeit aus. F\u00fcr k\u00f6rpersensible Personen stellt Magnesiumglycinat somit eine echte und vor allem schonende Alternative zu anderen Magnesiumverbindungen dar. Sportler profitieren vor allem w\u00e4hrend belastender Trainingseinheiten von der sogenannten \u201eChelatform\u201c, da diese besonders effektiv vom K\u00f6rper verwertet wird.Magnesiumglycinat von Pure Encapsulations 90 Stk. kann als organisch gebundenes Magnesium vom K\u00f6rper sehr gut aufgenommen werden. Bei veganer Lebensweise ist das Nahrungserg\u00e4nzungsmittel somit eine echte Alternative, die besonders effektiv verwertet wird. Weil unser K\u00f6rper den Mineralstoff nicht selbst produzieren kann, ist eine gute Versorgung \u00fcber die Ern\u00e4hrung \u2013 oder erg\u00e4nzend in Kapselform \u2013 wichtig.-<\/p>\n","protected":false},"excerpt":{"rendered":"<p>Magnesium als organisch gebundenes Magnesiumglycinat zeichnet sich durch die besonders gute Vertr\u00e4glichkeit aus. F\u00fcr k\u00f6rpersensible Personen stellt Magnesiumglycinat somit eine echte und vor allem schonende Alternative zu anderen Magnesiumverbindungen dar. Sportler profitieren vor allem w\u00e4hrend belastender Trainingseinheiten von der sogenannten \u201eChelatform\u201c, da diese besonders effektiv vom K\u00f6rper verwertet wird.Magnesiumglycinat von Pure Encapsulations 90 Stk. kann [&hellip;]<\/p>\n","protected":false},"featured_media":51189,"template":"","meta":{"_acf_changed":false},"product_brand":[336],"product_cat":[793],"product_tag":[],"class_list":{"0":"post-51187","1":"product","2":"type-product","3":"status-publish","4":"has-post-thumbnail","6":"product_brand-pure-encapsulations","7":"product_cat-p","8":"pa_packungsgroesse-180-stueck","9":"pa_packungsgroesse-90-stueck","11":"first","12":"instock","13":"shipping-taxable","14":"purchasable","15":"product-type-simple"},"acf":[],"_links":{"self":[{"href":"https:\/\/www.ernstbrunn-apotheke.at\/katalog\/wp-json\/wp\/v2\/product\/51187","targetHints":{"allow":["GET"]}}],"collection":[{"href":"https:\/\/www.ernstbrunn-apotheke.at\/katalog\/wp-json\/wp\/v2\/product"}],"about":[{"href":"https:\/\/www.ernstbrunn-apotheke.at\/katalog\/wp-json\/wp\/v2\/types\/product"}],"wp:featuredmedia":[{"embeddable":true,"href":"https:\/\/www.ernstbrunn-apotheke.at\/katalog\/wp-json\/wp\/v2\/media\/51189"}],"wp:attachment":[{"href":"https:\/\/www.ernstbrunn-apotheke.at\/katalog\/wp-json\/wp\/v2\/media?parent=51187"}],"wp:term":[{"taxonomy":"product_brand","embeddable":true,"href":"https:\/\/www.ernstbrunn-apotheke.at\/katalog\/wp-json\/wp\/v2\/product_brand?post=51187"},{"taxonomy":"product_cat","embeddable":true,"href":"https:\/\/www.ernstbrunn-apotheke.at\/katalog\/wp-json\/wp\/v2\/product_cat?post=51187"},{"taxonomy":"product_tag","embeddable":true,"href":"https:\/\/www.ernstbrunn-apotheke.at\/katalog\/wp-json\/wp\/v2\/product_tag?post=51187"}],"curies":[{"name":"wp","href":"https:\/\/api.w.org\/{rel}","templated":true}]}}