{"id":51043,"date":"2025-11-10T19:02:00","date_gmt":"2025-11-10T18:02:00","guid":{"rendered":"https:\/\/www.ernstbrunn-apotheke.at\/katalog\/produkt\/zinkorotat-pos-filmtabletten-50-stk\/"},"modified":"2025-12-08T16:44:22","modified_gmt":"2025-12-08T15:44:22","slug":"zinkorotat-pos-filmtabletten-50-stk","status":"publish","type":"product","link":"https:\/\/www.ernstbrunn-apotheke.at\/katalog\/produkt\/zinkorotat-pos-filmtabletten-50-stk\/","title":{"rendered":"Zinkorotat-POS Filmtabletten 50 Stk."},"content":{"rendered":"<p>Zinkorotat-POS\u00ae \u2013 f\u00fcr jeden Bedarf die richtige Zinkversorgung! Als essentieller Baustein vieler Enzyme ist Zink an einer enorm gro\u00dfen Zahl im K\u00f6rper ablaufender Prozesse direkt beteiligt. Ein Mangel an Zink \u00e4u\u00dfert sich entsprechend vielf\u00e4ltig \u2013 und seine Auswirkungen auf unsere Gesundheit k\u00f6nnen gravierend sein. Umfassendes Wohlbefinden ohne die ausreichende Versorgung des K\u00f6rpers mit Zink ist undenkbar! Insbesondere unser Immunsystem, Haut, Fingern\u00e4gel und Haare reagieren empfindlich auf einen Zinkmangel. Menschen mit Zinkmangel sind oft m\u00fcde, abgeschlagen und antriebslos. Nicht selten treten vermehrt akute Erk\u00e4ltungen oder andere Infektionen auf. Daneben k\u00f6nnen auch Hautprobleme, besonders trockene und schuppende Haut, sowie br\u00fcchiges und kraftloses Haar vorkommen. In all diesen F\u00e4llen kann eine gezielte Zinkversorgung mit Zinkorotat-POS\u00ae die Mangelerscheinungen beheben.<\/p>\n","protected":false},"excerpt":{"rendered":"<p>Zinkorotat-POS\u00ae \u2013 f\u00fcr jeden Bedarf die richtige Zinkversorgung! Als essentieller Baustein vieler Enzyme ist Zink an einer enorm gro\u00dfen Zahl im K\u00f6rper ablaufender Prozesse direkt beteiligt. Ein Mangel an Zink \u00e4u\u00dfert sich entsprechend vielf\u00e4ltig \u2013 und seine Auswirkungen auf unsere Gesundheit k\u00f6nnen gravierend sein. Umfassendes Wohlbefinden ohne die ausreichende Versorgung des K\u00f6rpers mit Zink ist [&hellip;]<\/p>\n","protected":false},"featured_media":51045,"template":"","meta":{"_acf_changed":false},"product_brand":[],"product_cat":[803],"product_tag":[],"class_list":{"0":"post-51043","1":"product","2":"type-product","3":"status-publish","4":"has-post-thumbnail","6":"product_cat-z","7":"pa_packungsgroesse-50-stueck","9":"first","10":"instock","11":"shipping-taxable","12":"purchasable","13":"product-type-simple"},"acf":[],"_links":{"self":[{"href":"https:\/\/www.ernstbrunn-apotheke.at\/katalog\/wp-json\/wp\/v2\/product\/51043","targetHints":{"allow":["GET"]}}],"collection":[{"href":"https:\/\/www.ernstbrunn-apotheke.at\/katalog\/wp-json\/wp\/v2\/product"}],"about":[{"href":"https:\/\/www.ernstbrunn-apotheke.at\/katalog\/wp-json\/wp\/v2\/types\/product"}],"wp:featuredmedia":[{"embeddable":true,"href":"https:\/\/www.ernstbrunn-apotheke.at\/katalog\/wp-json\/wp\/v2\/media\/51045"}],"wp:attachment":[{"href":"https:\/\/www.ernstbrunn-apotheke.at\/katalog\/wp-json\/wp\/v2\/media?parent=51043"}],"wp:term":[{"taxonomy":"product_brand","embeddable":true,"href":"https:\/\/www.ernstbrunn-apotheke.at\/katalog\/wp-json\/wp\/v2\/product_brand?post=51043"},{"taxonomy":"product_cat","embeddable":true,"href":"https:\/\/www.ernstbrunn-apotheke.at\/katalog\/wp-json\/wp\/v2\/product_cat?post=51043"},{"taxonomy":"product_tag","embeddable":true,"href":"https:\/\/www.ernstbrunn-apotheke.at\/katalog\/wp-json\/wp\/v2\/product_tag?post=51043"}],"curies":[{"name":"wp","href":"https:\/\/api.w.org\/{rel}","templated":true}]}}