{"id":50971,"date":"2025-11-10T18:58:08","date_gmt":"2025-11-10T17:58:08","guid":{"rendered":"https:\/\/www.ernstbrunn-apotheke.at\/katalog\/produkt\/magnesium-diasporal-400-extra-direkt-granulat-50-stk\/"},"modified":"2025-12-08T16:44:10","modified_gmt":"2025-12-08T15:44:10","slug":"magnesium-diasporal-400-extra-direkt-granulat-50-stk","status":"publish","type":"product","link":"https:\/\/www.ernstbrunn-apotheke.at\/katalog\/produkt\/magnesium-diasporal-400-extra-direkt-granulat-50-stk\/","title":{"rendered":"Magnesium Diasporal 400 Extra Direkt Granulat 50 Stk."},"content":{"rendered":"<p><\/p>\n<ul>\n<li>EXTRA STARKmit 400 mg Magnesium pro Stick<\/li>\n<li>EXTRAFRUCHTIG durch nat\u00fcrliches Orangenfruchtpulver<\/li>\n<li>EXTRAschnell zur Einnahme ohne Wasser<\/li>\n<li>Nur 1x t\u00e4glich <\/li>\n<li>Nat\u00fcrlichohne Zucker, ohne k\u00fcnstliche S\u00fc\u00dfstoffe<\/li>\n<li>Ohne tierischeBestandteile \u2013 f\u00fcr Veganer geeignet<\/li>\n<li>Hinweisf\u00fcr Diabetiker: 1 Stick enth\u00e4lt weniger als 0,1 BE<\/li>\n<li>Glutenfrei,laktosefrei <\/li>\n<\/ul>\n<p>Direktgranulatmit 400mg Magnesium pro Stick<\/p>\n","protected":false},"excerpt":{"rendered":"<p>EXTRA STARKmit 400 mg Magnesium pro Stick EXTRAFRUCHTIG durch nat\u00fcrliches Orangenfruchtpulver EXTRAschnell zur Einnahme ohne Wasser Nur 1x t\u00e4glich Nat\u00fcrlichohne Zucker, ohne k\u00fcnstliche S\u00fc\u00dfstoffe Ohne tierischeBestandteile \u2013 f\u00fcr Veganer geeignet Hinweisf\u00fcr Diabetiker: 1 Stick enth\u00e4lt weniger als 0,1 BE Glutenfrei,laktosefrei Direktgranulatmit 400mg Magnesium pro Stick<\/p>\n","protected":false},"featured_media":50973,"template":"","meta":{"_acf_changed":false},"product_brand":[],"product_cat":[800],"product_tag":[],"class_list":{"0":"post-50971","1":"product","2":"type-product","3":"status-publish","4":"has-post-thumbnail","6":"product_cat-m","7":"pa_geschmack-orange","8":"pa_packungsgroesse-50-stueck","10":"first","11":"instock","12":"shipping-taxable","13":"purchasable","14":"product-type-simple"},"acf":[],"_links":{"self":[{"href":"https:\/\/www.ernstbrunn-apotheke.at\/katalog\/wp-json\/wp\/v2\/product\/50971","targetHints":{"allow":["GET"]}}],"collection":[{"href":"https:\/\/www.ernstbrunn-apotheke.at\/katalog\/wp-json\/wp\/v2\/product"}],"about":[{"href":"https:\/\/www.ernstbrunn-apotheke.at\/katalog\/wp-json\/wp\/v2\/types\/product"}],"wp:featuredmedia":[{"embeddable":true,"href":"https:\/\/www.ernstbrunn-apotheke.at\/katalog\/wp-json\/wp\/v2\/media\/50973"}],"wp:attachment":[{"href":"https:\/\/www.ernstbrunn-apotheke.at\/katalog\/wp-json\/wp\/v2\/media?parent=50971"}],"wp:term":[{"taxonomy":"product_brand","embeddable":true,"href":"https:\/\/www.ernstbrunn-apotheke.at\/katalog\/wp-json\/wp\/v2\/product_brand?post=50971"},{"taxonomy":"product_cat","embeddable":true,"href":"https:\/\/www.ernstbrunn-apotheke.at\/katalog\/wp-json\/wp\/v2\/product_cat?post=50971"},{"taxonomy":"product_tag","embeddable":true,"href":"https:\/\/www.ernstbrunn-apotheke.at\/katalog\/wp-json\/wp\/v2\/product_tag?post=50971"}],"curies":[{"name":"wp","href":"https:\/\/api.w.org\/{rel}","templated":true}]}}