{"id":50951,"date":"2025-11-10T18:58:08","date_gmt":"2025-11-10T17:58:08","guid":{"rendered":"https:\/\/www.ernstbrunn-apotheke.at\/katalog\/produkt\/dr-boehm-energie-complex-dragees-30-stk\/"},"modified":"2025-12-08T16:44:08","modified_gmt":"2025-12-08T15:44:08","slug":"dr-boehm-energie-complex-dragees-30-stk","status":"publish","type":"product","link":"https:\/\/www.ernstbrunn-apotheke.at\/katalog\/produkt\/dr-boehm-energie-complex-dragees-30-stk\/","title":{"rendered":"Dr. B\u00f6hm Energie Complex Dragees 30 Stk."},"content":{"rendered":"<p>Dr. B\u00f6hm Energie complex Dragees wurden speziell f\u00fcr Menschen entwickelt, die ihre inneren Energiequellen mobilisieren und durch wichtige Vitalstoffe zu k\u00f6rperlichem und geistigem Wohlbefinden beitragen wollen. Dr. B\u00f6hm Energie complex Dragees leisten einen Beitrag zur Verminderung von M\u00fcdigkeit und Ersch\u00f6pfung. Der innovative Mate-Koffein-Komplex hilft, die Konzentration zu f\u00f6rdern und die Aufmerksamkeit zu erh\u00f6hen.<\/p>\n","protected":false},"excerpt":{"rendered":"<p>Dr. B\u00f6hm Energie complex Dragees wurden speziell f\u00fcr Menschen entwickelt, die ihre inneren Energiequellen mobilisieren und durch wichtige Vitalstoffe zu k\u00f6rperlichem und geistigem Wohlbefinden beitragen wollen. Dr. B\u00f6hm Energie complex Dragees leisten einen Beitrag zur Verminderung von M\u00fcdigkeit und Ersch\u00f6pfung. Der innovative Mate-Koffein-Komplex hilft, die Konzentration zu f\u00f6rdern und die Aufmerksamkeit zu erh\u00f6hen.<\/p>\n","protected":false},"featured_media":50953,"template":"","meta":{"_acf_changed":false},"product_brand":[365],"product_cat":[792],"product_tag":[],"class_list":{"0":"post-50951","1":"product","2":"type-product","3":"status-publish","4":"has-post-thumbnail","6":"product_brand-dr-boehm","7":"product_cat-d","8":"pa_packungsgroesse-30-stueck","10":"first","11":"instock","12":"shipping-taxable","13":"purchasable","14":"product-type-simple"},"acf":[],"_links":{"self":[{"href":"https:\/\/www.ernstbrunn-apotheke.at\/katalog\/wp-json\/wp\/v2\/product\/50951","targetHints":{"allow":["GET"]}}],"collection":[{"href":"https:\/\/www.ernstbrunn-apotheke.at\/katalog\/wp-json\/wp\/v2\/product"}],"about":[{"href":"https:\/\/www.ernstbrunn-apotheke.at\/katalog\/wp-json\/wp\/v2\/types\/product"}],"wp:featuredmedia":[{"embeddable":true,"href":"https:\/\/www.ernstbrunn-apotheke.at\/katalog\/wp-json\/wp\/v2\/media\/50953"}],"wp:attachment":[{"href":"https:\/\/www.ernstbrunn-apotheke.at\/katalog\/wp-json\/wp\/v2\/media?parent=50951"}],"wp:term":[{"taxonomy":"product_brand","embeddable":true,"href":"https:\/\/www.ernstbrunn-apotheke.at\/katalog\/wp-json\/wp\/v2\/product_brand?post=50951"},{"taxonomy":"product_cat","embeddable":true,"href":"https:\/\/www.ernstbrunn-apotheke.at\/katalog\/wp-json\/wp\/v2\/product_cat?post=50951"},{"taxonomy":"product_tag","embeddable":true,"href":"https:\/\/www.ernstbrunn-apotheke.at\/katalog\/wp-json\/wp\/v2\/product_tag?post=50951"}],"curies":[{"name":"wp","href":"https:\/\/api.w.org\/{rel}","templated":true}]}}