{"id":50780,"date":"2025-11-10T18:51:14","date_gmt":"2025-11-10T17:51:14","guid":{"rendered":"https:\/\/www.ernstbrunn-apotheke.at\/katalog\/produkt\/petrasch-vitamin-c-gepuffert-90-g\/"},"modified":"2025-12-08T16:43:38","modified_gmt":"2025-12-08T15:43:38","slug":"petrasch-vitamin-c-gepuffert-90-g","status":"publish","type":"product","link":"https:\/\/www.ernstbrunn-apotheke.at\/katalog\/produkt\/petrasch-vitamin-c-gepuffert-90-g\/","title":{"rendered":"Petrasch Vitamin C Gepuffert 90 g"},"content":{"rendered":"<p>Petrasch Vitamin C Gepuffert ist ein einzigartiges Vitamin C Pr\u00e4parat. Es besteht zum gr\u00f6ssten Teil aus s\u00e4urefreiem Natriumascorbat. Damit ist es besonders f\u00fcr Menschen mit s\u00e4ureempfindlichem Magen gut geeignet, da es in w\u00e4ssriger L\u00f6sung nur schwach sauer reagiert. .<\/p>\n","protected":false},"excerpt":{"rendered":"<p>Petrasch Vitamin C Gepuffert ist ein einzigartiges Vitamin C Pr\u00e4parat. Es besteht zum gr\u00f6ssten Teil aus s\u00e4urefreiem Natriumascorbat. Damit ist es besonders f\u00fcr Menschen mit s\u00e4ureempfindlichem Magen gut geeignet, da es in w\u00e4ssriger L\u00f6sung nur schwach sauer reagiert. .<\/p>\n","protected":false},"featured_media":50782,"template":"","meta":{"_acf_changed":false},"product_brand":[579],"product_cat":[793],"product_tag":[],"class_list":{"0":"post-50780","1":"product","2":"type-product","3":"status-publish","4":"has-post-thumbnail","6":"product_brand-petrasch","7":"product_cat-p","8":"pa_packungsgroesse-90g","10":"first","11":"instock","12":"shipping-taxable","13":"purchasable","14":"product-type-simple"},"acf":[],"_links":{"self":[{"href":"https:\/\/www.ernstbrunn-apotheke.at\/katalog\/wp-json\/wp\/v2\/product\/50780","targetHints":{"allow":["GET"]}}],"collection":[{"href":"https:\/\/www.ernstbrunn-apotheke.at\/katalog\/wp-json\/wp\/v2\/product"}],"about":[{"href":"https:\/\/www.ernstbrunn-apotheke.at\/katalog\/wp-json\/wp\/v2\/types\/product"}],"wp:featuredmedia":[{"embeddable":true,"href":"https:\/\/www.ernstbrunn-apotheke.at\/katalog\/wp-json\/wp\/v2\/media\/50782"}],"wp:attachment":[{"href":"https:\/\/www.ernstbrunn-apotheke.at\/katalog\/wp-json\/wp\/v2\/media?parent=50780"}],"wp:term":[{"taxonomy":"product_brand","embeddable":true,"href":"https:\/\/www.ernstbrunn-apotheke.at\/katalog\/wp-json\/wp\/v2\/product_brand?post=50780"},{"taxonomy":"product_cat","embeddable":true,"href":"https:\/\/www.ernstbrunn-apotheke.at\/katalog\/wp-json\/wp\/v2\/product_cat?post=50780"},{"taxonomy":"product_tag","embeddable":true,"href":"https:\/\/www.ernstbrunn-apotheke.at\/katalog\/wp-json\/wp\/v2\/product_tag?post=50780"}],"curies":[{"name":"wp","href":"https:\/\/api.w.org\/{rel}","templated":true}]}}