{"id":50580,"date":"2025-11-10T18:47:21","date_gmt":"2025-11-10T17:47:21","guid":{"rendered":"https:\/\/www.ernstbrunn-apotheke.at\/katalog\/produkt\/magnesium-verla-direkt-stick-himbeergeschmack\/"},"modified":"2025-12-08T16:43:05","modified_gmt":"2025-12-08T15:43:05","slug":"magnesium-verla-direkt-stick-himbeergeschmack","status":"publish","type":"product","link":"https:\/\/www.ernstbrunn-apotheke.at\/katalog\/produkt\/magnesium-verla-direkt-stick-himbeergeschmack\/","title":{"rendered":"Magnesium Verla direkt Stick Himbeergeschmack"},"content":{"rendered":"<p>Magnesium Verla direkt Stick ist optimal zur schnellen Versorgung mit Magnesium. Durch die praktischen Sticks ist die Einnahme auch unterwegs m\u00f6glich. Beugt Wadenkr\u00e4mpfe, Muskelkr\u00e4mpfe und Muskelverspannungen vor &#8211; bestellen Sie jetzt dort, wo Sie sicher sind!<\/p>\n","protected":false},"excerpt":{"rendered":"<p>Magnesium Verla direkt Stick ist optimal zur schnellen Versorgung mit Magnesium. Durch die praktischen Sticks ist die Einnahme auch unterwegs m\u00f6glich. Beugt Wadenkr\u00e4mpfe, Muskelkr\u00e4mpfe und Muskelverspannungen vor &#8211; bestellen Sie jetzt dort, wo Sie sicher sind!<\/p>\n","protected":false},"featured_media":50582,"template":"","meta":{"_acf_changed":false},"product_brand":[1043],"product_cat":[800],"product_tag":[],"class_list":{"0":"post-50580","1":"product","2":"type-product","3":"status-publish","4":"has-post-thumbnail","6":"product_brand-verla","7":"product_cat-m","8":"pa_geschmack-himbeer","9":"pa_packungsgroesse-30-stueck","11":"first","12":"instock","13":"shipping-taxable","14":"purchasable","15":"product-type-simple"},"acf":[],"_links":{"self":[{"href":"https:\/\/www.ernstbrunn-apotheke.at\/katalog\/wp-json\/wp\/v2\/product\/50580","targetHints":{"allow":["GET"]}}],"collection":[{"href":"https:\/\/www.ernstbrunn-apotheke.at\/katalog\/wp-json\/wp\/v2\/product"}],"about":[{"href":"https:\/\/www.ernstbrunn-apotheke.at\/katalog\/wp-json\/wp\/v2\/types\/product"}],"wp:featuredmedia":[{"embeddable":true,"href":"https:\/\/www.ernstbrunn-apotheke.at\/katalog\/wp-json\/wp\/v2\/media\/50582"}],"wp:attachment":[{"href":"https:\/\/www.ernstbrunn-apotheke.at\/katalog\/wp-json\/wp\/v2\/media?parent=50580"}],"wp:term":[{"taxonomy":"product_brand","embeddable":true,"href":"https:\/\/www.ernstbrunn-apotheke.at\/katalog\/wp-json\/wp\/v2\/product_brand?post=50580"},{"taxonomy":"product_cat","embeddable":true,"href":"https:\/\/www.ernstbrunn-apotheke.at\/katalog\/wp-json\/wp\/v2\/product_cat?post=50580"},{"taxonomy":"product_tag","embeddable":true,"href":"https:\/\/www.ernstbrunn-apotheke.at\/katalog\/wp-json\/wp\/v2\/product_tag?post=50580"}],"curies":[{"name":"wp","href":"https:\/\/api.w.org\/{rel}","templated":true}]}}