{"id":50447,"date":"2025-11-10T18:44:09","date_gmt":"2025-11-10T17:44:09","guid":{"rendered":"https:\/\/www.ernstbrunn-apotheke.at\/katalog\/produkt\/pure-encapsulations-vitamin-d3-liquid-tropfen-225-ml\/"},"modified":"2025-12-08T16:42:42","modified_gmt":"2025-12-08T15:42:42","slug":"pure-encapsulations-vitamin-d3-liquid-tropfen-225-ml","status":"publish","type":"product","link":"https:\/\/www.ernstbrunn-apotheke.at\/katalog\/produkt\/pure-encapsulations-vitamin-d3-liquid-tropfen-225-ml\/","title":{"rendered":"Pure Encapsulations Vitamin D3 liquid Tropfen 22,5 ml"},"content":{"rendered":"<p>Um das Immunsystem \u2013 vor allem in den Wintermonaten \u2013 zu unterst\u00fctzen, braucht der menschliche K\u00f6rper ausreichend Vitamin D. Das \u201eSonnenvitamin\u201c ist nicht nur wichtig f\u00fcr die Abwehrkr\u00e4fte, sondern unterst\u00fctzt zudem einen ausgeglichenen Calciumhaushalt und ist f\u00fcr die Muskelfunktion sowie die Knochen von Bedeutung. Vitamin D3 liquid von Pure Encapsulations liefert in \u00d6l gel\u00f6stes Vitamin D3 in Form leicht dosierbarer Tropfen.<\/p>\n","protected":false},"excerpt":{"rendered":"<p>Um das Immunsystem \u2013 vor allem in den Wintermonaten \u2013 zu unterst\u00fctzen, braucht der menschliche K\u00f6rper ausreichend Vitamin D. Das \u201eSonnenvitamin\u201c ist nicht nur wichtig f\u00fcr die Abwehrkr\u00e4fte, sondern unterst\u00fctzt zudem einen ausgeglichenen Calciumhaushalt und ist f\u00fcr die Muskelfunktion sowie die Knochen von Bedeutung. Vitamin D3 liquid von Pure Encapsulations liefert in \u00d6l gel\u00f6stes Vitamin [&hellip;]<\/p>\n","protected":false},"featured_media":50449,"template":"","meta":{"_acf_changed":false},"product_brand":[336],"product_cat":[793],"product_tag":[],"class_list":{"0":"post-50447","1":"product","2":"type-product","3":"status-publish","4":"has-post-thumbnail","6":"product_brand-pure-encapsulations","7":"product_cat-p","8":"pa_packungsgroesse-22ml","10":"first","11":"instock","12":"shipping-taxable","13":"purchasable","14":"product-type-simple"},"acf":[],"_links":{"self":[{"href":"https:\/\/www.ernstbrunn-apotheke.at\/katalog\/wp-json\/wp\/v2\/product\/50447","targetHints":{"allow":["GET"]}}],"collection":[{"href":"https:\/\/www.ernstbrunn-apotheke.at\/katalog\/wp-json\/wp\/v2\/product"}],"about":[{"href":"https:\/\/www.ernstbrunn-apotheke.at\/katalog\/wp-json\/wp\/v2\/types\/product"}],"wp:featuredmedia":[{"embeddable":true,"href":"https:\/\/www.ernstbrunn-apotheke.at\/katalog\/wp-json\/wp\/v2\/media\/50449"}],"wp:attachment":[{"href":"https:\/\/www.ernstbrunn-apotheke.at\/katalog\/wp-json\/wp\/v2\/media?parent=50447"}],"wp:term":[{"taxonomy":"product_brand","embeddable":true,"href":"https:\/\/www.ernstbrunn-apotheke.at\/katalog\/wp-json\/wp\/v2\/product_brand?post=50447"},{"taxonomy":"product_cat","embeddable":true,"href":"https:\/\/www.ernstbrunn-apotheke.at\/katalog\/wp-json\/wp\/v2\/product_cat?post=50447"},{"taxonomy":"product_tag","embeddable":true,"href":"https:\/\/www.ernstbrunn-apotheke.at\/katalog\/wp-json\/wp\/v2\/product_tag?post=50447"}],"curies":[{"name":"wp","href":"https:\/\/api.w.org\/{rel}","templated":true}]}}