{"id":50397,"date":"2025-11-10T18:43:17","date_gmt":"2025-11-10T17:43:17","guid":{"rendered":"https:\/\/www.ernstbrunn-apotheke.at\/katalog\/produkt\/supradyn-forte-filmtabletten\/"},"modified":"2025-12-08T16:42:34","modified_gmt":"2025-12-08T15:42:34","slug":"supradyn-forte-filmtabletten","status":"publish","type":"product","link":"https:\/\/www.ernstbrunn-apotheke.at\/katalog\/produkt\/supradyn-forte-filmtabletten\/","title":{"rendered":"Supradyn forte Filmtabletten"},"content":{"rendered":"<p>Supradyn\u00ae forte versorgt durch seine spezielle Zusammensetzung und Dosierung den K\u00f6rper in Zeiten erh\u00f6hter Belastung gezielt mit Vitaminen, Mineralstoffen und Spurenelementen. Damit tr\u00e4gt Supradyn\u00ae forte zur St\u00e4rkung des Immunsystems bei und hilft, fehlende Energie- Reserven wieder aufzuf\u00fcllen. Jederzeit.<\/p>\n","protected":false},"excerpt":{"rendered":"<p>Supradyn\u00ae forte versorgt durch seine spezielle Zusammensetzung und Dosierung den K\u00f6rper in Zeiten erh\u00f6hter Belastung gezielt mit Vitaminen, Mineralstoffen und Spurenelementen. Damit tr\u00e4gt Supradyn\u00ae forte zur St\u00e4rkung des Immunsystems bei und hilft, fehlende Energie- Reserven wieder aufzuf\u00fcllen. Jederzeit.<\/p>\n","protected":false},"featured_media":50399,"template":"","meta":{"_acf_changed":false},"product_brand":[460],"product_cat":[791],"product_tag":[],"class_list":{"0":"post-50397","1":"product","2":"type-product","3":"status-publish","4":"has-post-thumbnail","6":"product_brand-supradyn","7":"product_cat-s","8":"pa_packungsgroesse-30-stueck","9":"pa_packungsgroesse-60-stueck","11":"first","12":"instock","13":"shipping-taxable","14":"purchasable","15":"product-type-simple"},"acf":[],"_links":{"self":[{"href":"https:\/\/www.ernstbrunn-apotheke.at\/katalog\/wp-json\/wp\/v2\/product\/50397","targetHints":{"allow":["GET"]}}],"collection":[{"href":"https:\/\/www.ernstbrunn-apotheke.at\/katalog\/wp-json\/wp\/v2\/product"}],"about":[{"href":"https:\/\/www.ernstbrunn-apotheke.at\/katalog\/wp-json\/wp\/v2\/types\/product"}],"wp:featuredmedia":[{"embeddable":true,"href":"https:\/\/www.ernstbrunn-apotheke.at\/katalog\/wp-json\/wp\/v2\/media\/50399"}],"wp:attachment":[{"href":"https:\/\/www.ernstbrunn-apotheke.at\/katalog\/wp-json\/wp\/v2\/media?parent=50397"}],"wp:term":[{"taxonomy":"product_brand","embeddable":true,"href":"https:\/\/www.ernstbrunn-apotheke.at\/katalog\/wp-json\/wp\/v2\/product_brand?post=50397"},{"taxonomy":"product_cat","embeddable":true,"href":"https:\/\/www.ernstbrunn-apotheke.at\/katalog\/wp-json\/wp\/v2\/product_cat?post=50397"},{"taxonomy":"product_tag","embeddable":true,"href":"https:\/\/www.ernstbrunn-apotheke.at\/katalog\/wp-json\/wp\/v2\/product_tag?post=50397"}],"curies":[{"name":"wp","href":"https:\/\/api.w.org\/{rel}","templated":true}]}}