{"id":50373,"date":"2025-11-10T18:42:44","date_gmt":"2025-11-10T17:42:44","guid":{"rendered":"https:\/\/www.ernstbrunn-apotheke.at\/katalog\/produkt\/pure-encapsulations-b-complex-plus-60-stk\/"},"modified":"2025-12-08T16:42:30","modified_gmt":"2025-12-08T15:42:30","slug":"pure-encapsulations-b-complex-plus-60-stk","status":"publish","type":"product","link":"https:\/\/www.ernstbrunn-apotheke.at\/katalog\/produkt\/pure-encapsulations-b-complex-plus-60-stk\/","title":{"rendered":"Pure Encapsulations B-Complex Plus 60 Stk."},"content":{"rendered":"<p>Pure Encapsulations B-Complex Plus ist ein Nahrungserg\u00e4nzungsmittel mit aktivierten B-Vitaminen im Komplex mit Folat als Metafolin f\u00fcr eine besserte Aufnahme. Die B-Complex Plus Kapseln dienen der Unterst\u00fctzung des Nervensystems und des Energiehaushalts und der Regulierung des Stoffwechsels..<\/p>\n","protected":false},"excerpt":{"rendered":"<p>Pure Encapsulations B-Complex Plus ist ein Nahrungserg\u00e4nzungsmittel mit aktivierten B-Vitaminen im Komplex mit Folat als Metafolin f\u00fcr eine besserte Aufnahme. Die B-Complex Plus Kapseln dienen der Unterst\u00fctzung des Nervensystems und des Energiehaushalts und der Regulierung des Stoffwechsels..<\/p>\n","protected":false},"featured_media":50375,"template":"","meta":{"_acf_changed":false},"product_brand":[336],"product_cat":[793],"product_tag":[],"class_list":{"0":"post-50373","1":"product","2":"type-product","3":"status-publish","4":"has-post-thumbnail","6":"product_brand-pure-encapsulations","7":"product_cat-p","8":"pa_packungsgroesse-120-stueck","9":"pa_packungsgroesse-60-stueck","11":"first","12":"instock","13":"shipping-taxable","14":"purchasable","15":"product-type-simple"},"acf":[],"_links":{"self":[{"href":"https:\/\/www.ernstbrunn-apotheke.at\/katalog\/wp-json\/wp\/v2\/product\/50373","targetHints":{"allow":["GET"]}}],"collection":[{"href":"https:\/\/www.ernstbrunn-apotheke.at\/katalog\/wp-json\/wp\/v2\/product"}],"about":[{"href":"https:\/\/www.ernstbrunn-apotheke.at\/katalog\/wp-json\/wp\/v2\/types\/product"}],"wp:featuredmedia":[{"embeddable":true,"href":"https:\/\/www.ernstbrunn-apotheke.at\/katalog\/wp-json\/wp\/v2\/media\/50375"}],"wp:attachment":[{"href":"https:\/\/www.ernstbrunn-apotheke.at\/katalog\/wp-json\/wp\/v2\/media?parent=50373"}],"wp:term":[{"taxonomy":"product_brand","embeddable":true,"href":"https:\/\/www.ernstbrunn-apotheke.at\/katalog\/wp-json\/wp\/v2\/product_brand?post=50373"},{"taxonomy":"product_cat","embeddable":true,"href":"https:\/\/www.ernstbrunn-apotheke.at\/katalog\/wp-json\/wp\/v2\/product_cat?post=50373"},{"taxonomy":"product_tag","embeddable":true,"href":"https:\/\/www.ernstbrunn-apotheke.at\/katalog\/wp-json\/wp\/v2\/product_tag?post=50373"}],"curies":[{"name":"wp","href":"https:\/\/api.w.org\/{rel}","templated":true}]}}