{"id":50332,"date":"2025-11-10T18:42:05","date_gmt":"2025-11-10T17:42:05","guid":{"rendered":"https:\/\/www.ernstbrunn-apotheke.at\/katalog\/produkt\/folmit-forte-vitamin-b-tabletten-30-stk\/"},"modified":"2025-12-08T16:42:22","modified_gmt":"2025-12-08T15:42:22","slug":"folmit-forte-vitamin-b-tabletten-30-stk","status":"publish","type":"product","link":"https:\/\/www.ernstbrunn-apotheke.at\/katalog\/produkt\/folmit-forte-vitamin-b-tabletten-30-stk\/","title":{"rendered":"FOLMIT forte Vitamin B Tabletten 30 Stk."},"content":{"rendered":"<p>FOLMIT forte ist ein Nahrungserg\u00e4nzungsmittel, das eine Kombination aus den Vitaminen Fols\u00e4ure, B6 und B12 enth\u00e4lt und ist f\u00fcr Personen bestimmt, die ihre Ern\u00e4hrung mit den in der Zubereitung enthaltenen Bestandteilen anreichern wollen.<\/p>\n","protected":false},"excerpt":{"rendered":"<p>FOLMIT forte ist ein Nahrungserg\u00e4nzungsmittel, das eine Kombination aus den Vitaminen Fols\u00e4ure, B6 und B12 enth\u00e4lt und ist f\u00fcr Personen bestimmt, die ihre Ern\u00e4hrung mit den in der Zubereitung enthaltenen Bestandteilen anreichern wollen.<\/p>\n","protected":false},"featured_media":50334,"template":"","meta":{"_acf_changed":false},"product_brand":[],"product_cat":[809],"product_tag":[],"class_list":{"0":"post-50332","1":"product","2":"type-product","3":"status-publish","4":"has-post-thumbnail","6":"product_cat-f","7":"pa_farbe-gelb","8":"pa_packungsgroesse-30-stueck","10":"first","11":"instock","12":"shipping-taxable","13":"purchasable","14":"product-type-simple"},"acf":[],"_links":{"self":[{"href":"https:\/\/www.ernstbrunn-apotheke.at\/katalog\/wp-json\/wp\/v2\/product\/50332","targetHints":{"allow":["GET"]}}],"collection":[{"href":"https:\/\/www.ernstbrunn-apotheke.at\/katalog\/wp-json\/wp\/v2\/product"}],"about":[{"href":"https:\/\/www.ernstbrunn-apotheke.at\/katalog\/wp-json\/wp\/v2\/types\/product"}],"wp:featuredmedia":[{"embeddable":true,"href":"https:\/\/www.ernstbrunn-apotheke.at\/katalog\/wp-json\/wp\/v2\/media\/50334"}],"wp:attachment":[{"href":"https:\/\/www.ernstbrunn-apotheke.at\/katalog\/wp-json\/wp\/v2\/media?parent=50332"}],"wp:term":[{"taxonomy":"product_brand","embeddable":true,"href":"https:\/\/www.ernstbrunn-apotheke.at\/katalog\/wp-json\/wp\/v2\/product_brand?post=50332"},{"taxonomy":"product_cat","embeddable":true,"href":"https:\/\/www.ernstbrunn-apotheke.at\/katalog\/wp-json\/wp\/v2\/product_cat?post=50332"},{"taxonomy":"product_tag","embeddable":true,"href":"https:\/\/www.ernstbrunn-apotheke.at\/katalog\/wp-json\/wp\/v2\/product_tag?post=50332"}],"curies":[{"name":"wp","href":"https:\/\/api.w.org\/{rel}","templated":true}]}}