{"id":50325,"date":"2025-11-10T18:42:05","date_gmt":"2025-11-10T17:42:05","guid":{"rendered":"https:\/\/www.ernstbrunn-apotheke.at\/katalog\/produkt\/sangenor-trinkampullen-20-stk\/"},"modified":"2025-12-08T16:42:19","modified_gmt":"2025-12-08T15:42:19","slug":"sangenor-trinkampullen-20-stk","status":"publish","type":"product","link":"https:\/\/www.ernstbrunn-apotheke.at\/katalog\/produkt\/sangenor-trinkampullen-20-stk\/","title":{"rendered":"Sangenor Trinkampullen 20 Stk."},"content":{"rendered":"<p>Sangenor hilft Ihnen, Ihre Leistungsf\u00e4higkeit, Ihre Regeneration und Ihr Wohlbefinden zu steigern \u2013 mit den nat\u00fcrlichen Aminos\u00e4uren L-Arginin und L-Asparagins\u00e4ure.<\/p>\n","protected":false},"excerpt":{"rendered":"<p>Sangenor hilft Ihnen, Ihre Leistungsf\u00e4higkeit, Ihre Regeneration und Ihr Wohlbefinden zu steigern \u2013 mit den nat\u00fcrlichen Aminos\u00e4uren L-Arginin und L-Asparagins\u00e4ure.<\/p>\n","protected":false},"featured_media":50327,"template":"","meta":{"_acf_changed":false},"product_brand":[],"product_cat":[791],"product_tag":[],"class_list":{"0":"post-50325","1":"product","2":"type-product","3":"status-publish","4":"has-post-thumbnail","6":"product_cat-s","7":"pa_packungsgroesse-20-stueck","9":"first","10":"instock","11":"shipping-taxable","12":"purchasable","13":"product-type-simple"},"acf":[],"_links":{"self":[{"href":"https:\/\/www.ernstbrunn-apotheke.at\/katalog\/wp-json\/wp\/v2\/product\/50325","targetHints":{"allow":["GET"]}}],"collection":[{"href":"https:\/\/www.ernstbrunn-apotheke.at\/katalog\/wp-json\/wp\/v2\/product"}],"about":[{"href":"https:\/\/www.ernstbrunn-apotheke.at\/katalog\/wp-json\/wp\/v2\/types\/product"}],"wp:featuredmedia":[{"embeddable":true,"href":"https:\/\/www.ernstbrunn-apotheke.at\/katalog\/wp-json\/wp\/v2\/media\/50327"}],"wp:attachment":[{"href":"https:\/\/www.ernstbrunn-apotheke.at\/katalog\/wp-json\/wp\/v2\/media?parent=50325"}],"wp:term":[{"taxonomy":"product_brand","embeddable":true,"href":"https:\/\/www.ernstbrunn-apotheke.at\/katalog\/wp-json\/wp\/v2\/product_brand?post=50325"},{"taxonomy":"product_cat","embeddable":true,"href":"https:\/\/www.ernstbrunn-apotheke.at\/katalog\/wp-json\/wp\/v2\/product_cat?post=50325"},{"taxonomy":"product_tag","embeddable":true,"href":"https:\/\/www.ernstbrunn-apotheke.at\/katalog\/wp-json\/wp\/v2\/product_tag?post=50325"}],"curies":[{"name":"wp","href":"https:\/\/api.w.org\/{rel}","templated":true}]}}