{"id":50286,"date":"2025-11-10T18:41:26","date_gmt":"2025-11-10T17:41:26","guid":{"rendered":"https:\/\/www.ernstbrunn-apotheke.at\/katalog\/produkt\/sonnentor-assam-english-tea-schwarztee-lose-95-g\/"},"modified":"2025-12-08T16:42:12","modified_gmt":"2025-12-08T15:42:12","slug":"sonnentor-assam-english-tea-schwarztee-lose-95-g","status":"publish","type":"product","link":"https:\/\/www.ernstbrunn-apotheke.at\/katalog\/produkt\/sonnentor-assam-english-tea-schwarztee-lose-95-g\/","title":{"rendered":"Sonnentor Assam English Tea Schwarztee lose 95 g"},"content":{"rendered":"<p>Sonnentor Assam English Tea Schwarztee lose 95 g schmeckt kr\u00e4ftig-malzig und ist sehr ergiebig. Der Geschmack des Assam Tees setzt sich auch bei h\u00e4rteren Wasserqualit\u00e4ten gut durch und bietet auch die Basis f\u00fcr die traditionelle English Breakfast Tea Mischung.<\/p>\n","protected":false},"excerpt":{"rendered":"<p>Sonnentor Assam English Tea Schwarztee lose 95 g schmeckt kr\u00e4ftig-malzig und ist sehr ergiebig. Der Geschmack des Assam Tees setzt sich auch bei h\u00e4rteren Wasserqualit\u00e4ten gut durch und bietet auch die Basis f\u00fcr die traditionelle English Breakfast Tea Mischung.<\/p>\n","protected":false},"featured_media":50288,"template":"","meta":{"_acf_changed":false},"product_brand":[925],"product_cat":[791],"product_tag":[],"class_list":{"0":"post-50286","1":"product","2":"type-product","3":"status-publish","4":"has-post-thumbnail","6":"product_brand-sonnentor","7":"product_cat-s","8":"pa_packungsgroesse-95g","10":"first","11":"instock","12":"shipping-taxable","13":"purchasable","14":"product-type-simple"},"acf":[],"_links":{"self":[{"href":"https:\/\/www.ernstbrunn-apotheke.at\/katalog\/wp-json\/wp\/v2\/product\/50286","targetHints":{"allow":["GET"]}}],"collection":[{"href":"https:\/\/www.ernstbrunn-apotheke.at\/katalog\/wp-json\/wp\/v2\/product"}],"about":[{"href":"https:\/\/www.ernstbrunn-apotheke.at\/katalog\/wp-json\/wp\/v2\/types\/product"}],"wp:featuredmedia":[{"embeddable":true,"href":"https:\/\/www.ernstbrunn-apotheke.at\/katalog\/wp-json\/wp\/v2\/media\/50288"}],"wp:attachment":[{"href":"https:\/\/www.ernstbrunn-apotheke.at\/katalog\/wp-json\/wp\/v2\/media?parent=50286"}],"wp:term":[{"taxonomy":"product_brand","embeddable":true,"href":"https:\/\/www.ernstbrunn-apotheke.at\/katalog\/wp-json\/wp\/v2\/product_brand?post=50286"},{"taxonomy":"product_cat","embeddable":true,"href":"https:\/\/www.ernstbrunn-apotheke.at\/katalog\/wp-json\/wp\/v2\/product_cat?post=50286"},{"taxonomy":"product_tag","embeddable":true,"href":"https:\/\/www.ernstbrunn-apotheke.at\/katalog\/wp-json\/wp\/v2\/product_tag?post=50286"}],"curies":[{"name":"wp","href":"https:\/\/api.w.org\/{rel}","templated":true}]}}