{"id":49837,"date":"2025-11-10T18:32:06","date_gmt":"2025-11-10T17:32:06","guid":{"rendered":"https:\/\/www.ernstbrunn-apotheke.at\/katalog\/produkt\/sidroga-tee-thymian-20-stk\/"},"modified":"2025-12-08T16:40:52","modified_gmt":"2025-12-08T15:40:52","slug":"sidroga-tee-thymian-20-stk","status":"publish","type":"product","link":"https:\/\/www.ernstbrunn-apotheke.at\/katalog\/produkt\/sidroga-tee-thymian-20-stk\/","title":{"rendered":"Sidroga Tee Thymian 20 Stk."},"content":{"rendered":"<p>Sidroga Thymiantee ist ein traditionelles pflanzliches Arzneimittel zur Schleiml\u00f6sung bei Husten im Rahmen von Erk\u00e4ltungskrankheiten. Der Tee enth\u00e4lt getrockneten und geschnittenen Thymian, welcher Entz\u00fcndungen des Atmungstraktes lindert und krampfl\u00f6send auf die Bronchien wirkt. .<\/p>\n","protected":false},"excerpt":{"rendered":"<p>Sidroga Thymiantee ist ein traditionelles pflanzliches Arzneimittel zur Schleiml\u00f6sung bei Husten im Rahmen von Erk\u00e4ltungskrankheiten. Der Tee enth\u00e4lt getrockneten und geschnittenen Thymian, welcher Entz\u00fcndungen des Atmungstraktes lindert und krampfl\u00f6send auf die Bronchien wirkt. .<\/p>\n","protected":false},"featured_media":49839,"template":"","meta":{"_acf_changed":false},"product_brand":[1041],"product_cat":[791],"product_tag":[],"class_list":{"0":"post-49837","1":"product","2":"type-product","3":"status-publish","4":"has-post-thumbnail","6":"product_brand-sidroga","7":"product_cat-s","8":"pa_packungsgroesse-20-beutel","10":"first","11":"instock","12":"shipping-taxable","13":"purchasable","14":"product-type-simple"},"acf":[],"_links":{"self":[{"href":"https:\/\/www.ernstbrunn-apotheke.at\/katalog\/wp-json\/wp\/v2\/product\/49837","targetHints":{"allow":["GET"]}}],"collection":[{"href":"https:\/\/www.ernstbrunn-apotheke.at\/katalog\/wp-json\/wp\/v2\/product"}],"about":[{"href":"https:\/\/www.ernstbrunn-apotheke.at\/katalog\/wp-json\/wp\/v2\/types\/product"}],"wp:featuredmedia":[{"embeddable":true,"href":"https:\/\/www.ernstbrunn-apotheke.at\/katalog\/wp-json\/wp\/v2\/media\/49839"}],"wp:attachment":[{"href":"https:\/\/www.ernstbrunn-apotheke.at\/katalog\/wp-json\/wp\/v2\/media?parent=49837"}],"wp:term":[{"taxonomy":"product_brand","embeddable":true,"href":"https:\/\/www.ernstbrunn-apotheke.at\/katalog\/wp-json\/wp\/v2\/product_brand?post=49837"},{"taxonomy":"product_cat","embeddable":true,"href":"https:\/\/www.ernstbrunn-apotheke.at\/katalog\/wp-json\/wp\/v2\/product_cat?post=49837"},{"taxonomy":"product_tag","embeddable":true,"href":"https:\/\/www.ernstbrunn-apotheke.at\/katalog\/wp-json\/wp\/v2\/product_tag?post=49837"}],"curies":[{"name":"wp","href":"https:\/\/api.w.org\/{rel}","templated":true}]}}