{"id":49811,"date":"2025-11-10T18:31:01","date_gmt":"2025-11-10T17:31:01","guid":{"rendered":"https:\/\/www.ernstbrunn-apotheke.at\/katalog\/produkt\/sidroga-tee-magen-darm-beruhigung\/"},"modified":"2025-12-08T16:40:48","modified_gmt":"2025-12-08T15:40:48","slug":"sidroga-tee-magen-darm-beruhigung","status":"publish","type":"product","link":"https:\/\/www.ernstbrunn-apotheke.at\/katalog\/produkt\/sidroga-tee-magen-darm-beruhigung\/","title":{"rendered":"Sidroga Tee Magen-Darm Beruhigung"},"content":{"rendered":"<p>Sidroga Magen-Darm Verdauungstee enth\u00e4lt die Bitterkr\u00e4uter Kalmuswurzelstock, Schafgarbenkraut und Tausendg\u00fcldenkraut, die verdauungsf\u00f6rdernd wirken. Die Inhaltsstoffe der Melissenbl\u00e4tter und Kamillenbl\u00fcten wirken beruhigend und krampfl\u00f6send. Sidroga Magen-Darm Verdauungstee ist ein traditionelles pflanzliches Arzneimittel zur Anwendung bei Magen-Darm-Beschwerden und Verdauungsbeschwerden wie V\u00f6llegef\u00fchl, Aufsto\u00dfen und Bl\u00e4hungen sowie zur Appetitanregung.Die Anwendung dieses traditionellen pflanzlichen Arzneimittels in den genannten Anwendungsgebieten beruht ausschlie\u00dflich auf langj\u00e4hriger Verwendung..<\/p>\n","protected":false},"excerpt":{"rendered":"<p>Sidroga Magen-Darm Verdauungstee enth\u00e4lt die Bitterkr\u00e4uter Kalmuswurzelstock, Schafgarbenkraut und Tausendg\u00fcldenkraut, die verdauungsf\u00f6rdernd wirken. Die Inhaltsstoffe der Melissenbl\u00e4tter und Kamillenbl\u00fcten wirken beruhigend und krampfl\u00f6send. Sidroga Magen-Darm Verdauungstee ist ein traditionelles pflanzliches Arzneimittel zur Anwendung bei Magen-Darm-Beschwerden und Verdauungsbeschwerden wie V\u00f6llegef\u00fchl, Aufsto\u00dfen und Bl\u00e4hungen sowie zur Appetitanregung.Die Anwendung dieses traditionellen pflanzlichen Arzneimittels in den genannten Anwendungsgebieten beruht [&hellip;]<\/p>\n","protected":false},"featured_media":49813,"template":"","meta":{"_acf_changed":false},"product_brand":[1041],"product_cat":[791],"product_tag":[],"class_list":{"0":"post-49811","1":"product","2":"type-product","3":"status-publish","4":"has-post-thumbnail","6":"product_brand-sidroga","7":"product_cat-s","8":"pa_packungsgroesse-20-beutel","10":"first","11":"instock","12":"shipping-taxable","13":"purchasable","14":"product-type-simple"},"acf":[],"_links":{"self":[{"href":"https:\/\/www.ernstbrunn-apotheke.at\/katalog\/wp-json\/wp\/v2\/product\/49811","targetHints":{"allow":["GET"]}}],"collection":[{"href":"https:\/\/www.ernstbrunn-apotheke.at\/katalog\/wp-json\/wp\/v2\/product"}],"about":[{"href":"https:\/\/www.ernstbrunn-apotheke.at\/katalog\/wp-json\/wp\/v2\/types\/product"}],"wp:featuredmedia":[{"embeddable":true,"href":"https:\/\/www.ernstbrunn-apotheke.at\/katalog\/wp-json\/wp\/v2\/media\/49813"}],"wp:attachment":[{"href":"https:\/\/www.ernstbrunn-apotheke.at\/katalog\/wp-json\/wp\/v2\/media?parent=49811"}],"wp:term":[{"taxonomy":"product_brand","embeddable":true,"href":"https:\/\/www.ernstbrunn-apotheke.at\/katalog\/wp-json\/wp\/v2\/product_brand?post=49811"},{"taxonomy":"product_cat","embeddable":true,"href":"https:\/\/www.ernstbrunn-apotheke.at\/katalog\/wp-json\/wp\/v2\/product_cat?post=49811"},{"taxonomy":"product_tag","embeddable":true,"href":"https:\/\/www.ernstbrunn-apotheke.at\/katalog\/wp-json\/wp\/v2\/product_tag?post=49811"}],"curies":[{"name":"wp","href":"https:\/\/api.w.org\/{rel}","templated":true}]}}