{"id":49108,"date":"2025-11-10T18:17:23","date_gmt":"2025-11-10T17:17:23","guid":{"rendered":"https:\/\/www.ernstbrunn-apotheke.at\/katalog\/produkt\/zistrose-bio-tee-250-g\/"},"modified":"2025-12-08T16:38:19","modified_gmt":"2025-12-08T15:38:19","slug":"zistrose-bio-tee-250-g","status":"publish","type":"product","link":"https:\/\/www.ernstbrunn-apotheke.at\/katalog\/produkt\/zistrose-bio-tee-250-g\/","title":{"rendered":"Zistrose Bio Tee 250 g"},"content":{"rendered":"<p>Zistrose Bio Tee: Die graubehaarte Zistrose (Cistus incanus) ist eine in Vergessenheit geratene, urheimische aromatische Pflanze, die den Polyphenolgehalt von Rotwein, Zwiebeln und Heidelbeeren an Vielfalt und Menge bei weitem \u00fcbertrifft.Die Pflanze ist \u00e4u\u00dferst polymorph, d.h. sie besitzt je nach Standort andere Gestalt und Eigenschaften. Wir ernten ausschlie\u00dflich solche Pflanzen, die traditionell als Haustee verwendet werden.Kalt gemischt mit Fruchts\u00e4ften oder als Eistee zubereitet ist der Cystus Bio Tee ein ideales Erfrischungsgetr\u00e4nk.<\/p>\n","protected":false},"excerpt":{"rendered":"<p>Zistrose Bio Tee: Die graubehaarte Zistrose (Cistus incanus) ist eine in Vergessenheit geratene, urheimische aromatische Pflanze, die den Polyphenolgehalt von Rotwein, Zwiebeln und Heidelbeeren an Vielfalt und Menge bei weitem \u00fcbertrifft.Die Pflanze ist \u00e4u\u00dferst polymorph, d.h. sie besitzt je nach Standort andere Gestalt und Eigenschaften. Wir ernten ausschlie\u00dflich solche Pflanzen, die traditionell als Haustee verwendet [&hellip;]<\/p>\n","protected":false},"featured_media":0,"template":"","meta":{"_acf_changed":false},"product_brand":[],"product_cat":[803],"product_tag":[],"class_list":{"0":"post-49108","1":"product","2":"type-product","3":"status-publish","5":"product_cat-z","6":"pa_packungsgroesse-250g","8":"first","9":"instock","10":"shipping-taxable","11":"purchasable","12":"product-type-simple"},"acf":[],"_links":{"self":[{"href":"https:\/\/www.ernstbrunn-apotheke.at\/katalog\/wp-json\/wp\/v2\/product\/49108","targetHints":{"allow":["GET"]}}],"collection":[{"href":"https:\/\/www.ernstbrunn-apotheke.at\/katalog\/wp-json\/wp\/v2\/product"}],"about":[{"href":"https:\/\/www.ernstbrunn-apotheke.at\/katalog\/wp-json\/wp\/v2\/types\/product"}],"wp:attachment":[{"href":"https:\/\/www.ernstbrunn-apotheke.at\/katalog\/wp-json\/wp\/v2\/media?parent=49108"}],"wp:term":[{"taxonomy":"product_brand","embeddable":true,"href":"https:\/\/www.ernstbrunn-apotheke.at\/katalog\/wp-json\/wp\/v2\/product_brand?post=49108"},{"taxonomy":"product_cat","embeddable":true,"href":"https:\/\/www.ernstbrunn-apotheke.at\/katalog\/wp-json\/wp\/v2\/product_cat?post=49108"},{"taxonomy":"product_tag","embeddable":true,"href":"https:\/\/www.ernstbrunn-apotheke.at\/katalog\/wp-json\/wp\/v2\/product_tag?post=49108"}],"curies":[{"name":"wp","href":"https:\/\/api.w.org\/{rel}","templated":true}]}}