{"id":48955,"date":"2025-11-10T18:14:47","date_gmt":"2025-11-10T17:14:47","guid":{"rendered":"https:\/\/www.ernstbrunn-apotheke.at\/katalog\/produkt\/nuxe-sun-eau-de-toilette-100-ml\/"},"modified":"2025-12-08T16:37:35","modified_gmt":"2025-12-08T15:37:35","slug":"nuxe-sun-eau-de-toilette-100-ml","status":"publish","type":"product","link":"https:\/\/www.ernstbrunn-apotheke.at\/katalog\/produkt\/nuxe-sun-eau-de-toilette-100-ml\/","title":{"rendered":"Nuxe Sun Eau de Toilette 100 ml"},"content":{"rendered":"<p>Nuxe Sun Eau de Toilette belebt den Geist des Sommers wieder, inspiriert vom sonnigen Duft der Serie Nuxe Sun. Seine spritzigen Noten aus S\u00fc\u00dforange und Petit Grain stimulieren die Sinne. Sobald sich die zarten Nuancen von Kokos, Tiar\u00e9-Blume, Vanille und Moschus entfalten, heben wir ab f\u00fcr eine Reise Richtung S\u00fcden. Das neue Eau de Toilette l\u00e4sst die Sonne in jeder Jahreszeit scheinen.<\/p>\n","protected":false},"excerpt":{"rendered":"<p>Nuxe Sun Eau de Toilette belebt den Geist des Sommers wieder, inspiriert vom sonnigen Duft der Serie Nuxe Sun. Seine spritzigen Noten aus S\u00fc\u00dforange und Petit Grain stimulieren die Sinne. Sobald sich die zarten Nuancen von Kokos, Tiar\u00e9-Blume, Vanille und Moschus entfalten, heben wir ab f\u00fcr eine Reise Richtung S\u00fcden. Das neue Eau de Toilette [&hellip;]<\/p>\n","protected":false},"featured_media":48957,"template":"","meta":{"_acf_changed":false},"product_brand":[705],"product_cat":[797],"product_tag":[],"class_list":{"0":"post-48955","1":"product","2":"type-product","3":"status-publish","4":"has-post-thumbnail","6":"product_brand-nuxe","7":"product_cat-n","8":"pa_packungsgroesse-100ml","10":"first","11":"instock","12":"shipping-taxable","13":"purchasable","14":"product-type-simple"},"acf":[],"_links":{"self":[{"href":"https:\/\/www.ernstbrunn-apotheke.at\/katalog\/wp-json\/wp\/v2\/product\/48955","targetHints":{"allow":["GET"]}}],"collection":[{"href":"https:\/\/www.ernstbrunn-apotheke.at\/katalog\/wp-json\/wp\/v2\/product"}],"about":[{"href":"https:\/\/www.ernstbrunn-apotheke.at\/katalog\/wp-json\/wp\/v2\/types\/product"}],"wp:featuredmedia":[{"embeddable":true,"href":"https:\/\/www.ernstbrunn-apotheke.at\/katalog\/wp-json\/wp\/v2\/media\/48957"}],"wp:attachment":[{"href":"https:\/\/www.ernstbrunn-apotheke.at\/katalog\/wp-json\/wp\/v2\/media?parent=48955"}],"wp:term":[{"taxonomy":"product_brand","embeddable":true,"href":"https:\/\/www.ernstbrunn-apotheke.at\/katalog\/wp-json\/wp\/v2\/product_brand?post=48955"},{"taxonomy":"product_cat","embeddable":true,"href":"https:\/\/www.ernstbrunn-apotheke.at\/katalog\/wp-json\/wp\/v2\/product_cat?post=48955"},{"taxonomy":"product_tag","embeddable":true,"href":"https:\/\/www.ernstbrunn-apotheke.at\/katalog\/wp-json\/wp\/v2\/product_tag?post=48955"}],"curies":[{"name":"wp","href":"https:\/\/api.w.org\/{rel}","templated":true}]}}