{"id":48810,"date":"2025-11-10T18:12:22","date_gmt":"2025-11-10T17:12:22","guid":{"rendered":"https:\/\/www.ernstbrunn-apotheke.at\/katalog\/produkt\/ladival-aktiv-uv-schutzstift-fuer-die-lippen-lsf-30-48-g\/"},"modified":"2025-12-08T16:36:46","modified_gmt":"2025-12-08T15:36:46","slug":"ladival-aktiv-uv-schutzstift-fuer-die-lippen-lsf-30-48-g","status":"publish","type":"product","link":"https:\/\/www.ernstbrunn-apotheke.at\/katalog\/produkt\/ladival-aktiv-uv-schutzstift-fuer-die-lippen-lsf-30-48-g\/","title":{"rendered":"Ladival Aktiv UV-Schutzstift f\u00fcr die Lippen LSF 30 4,8 g"},"content":{"rendered":"<p>Auch die Lippenhaut kann bei intensiver Sonneneinstrahlung Schaden nehmen und ben\u00f6tigt daher einen besonderen Schutz. Der Ladival\u00ae Aktiv UV-Schutzstift mit Lichtschutzfaktor 30 sowie leckerem Vanille-Geschmack ist hierf\u00fcr ideal. Er ist frei von mineralischen \u00d6len und enth\u00e4lt ausschlie\u00dflich pflanzliche \u00d6le und Bienenwachs. Seine besondere Zusammensetzung gew\u00e4hrleistet, dass er leicht aufgetragen werden kann und auch bei hohen Temperaturen seine Konsistenz beibeh\u00e4lt &#8211; jetzt stark preisreduziert bestellen!<\/p>\n","protected":false},"excerpt":{"rendered":"<p>Auch die Lippenhaut kann bei intensiver Sonneneinstrahlung Schaden nehmen und ben\u00f6tigt daher einen besonderen Schutz. Der Ladival\u00ae Aktiv UV-Schutzstift mit Lichtschutzfaktor 30 sowie leckerem Vanille-Geschmack ist hierf\u00fcr ideal. Er ist frei von mineralischen \u00d6len und enth\u00e4lt ausschlie\u00dflich pflanzliche \u00d6le und Bienenwachs. Seine besondere Zusammensetzung gew\u00e4hrleistet, dass er leicht aufgetragen werden kann und auch bei hohen [&hellip;]<\/p>\n","protected":false},"featured_media":48812,"template":"","meta":{"_acf_changed":false},"product_brand":[1027],"product_cat":[795],"product_tag":[],"class_list":{"0":"post-48810","1":"product","2":"type-product","3":"status-publish","4":"has-post-thumbnail","6":"product_brand-ladival","7":"product_cat-l","8":"pa_packungsgroesse-1-stueck","10":"first","11":"instock","12":"shipping-taxable","13":"purchasable","14":"product-type-simple"},"acf":[],"_links":{"self":[{"href":"https:\/\/www.ernstbrunn-apotheke.at\/katalog\/wp-json\/wp\/v2\/product\/48810","targetHints":{"allow":["GET"]}}],"collection":[{"href":"https:\/\/www.ernstbrunn-apotheke.at\/katalog\/wp-json\/wp\/v2\/product"}],"about":[{"href":"https:\/\/www.ernstbrunn-apotheke.at\/katalog\/wp-json\/wp\/v2\/types\/product"}],"wp:featuredmedia":[{"embeddable":true,"href":"https:\/\/www.ernstbrunn-apotheke.at\/katalog\/wp-json\/wp\/v2\/media\/48812"}],"wp:attachment":[{"href":"https:\/\/www.ernstbrunn-apotheke.at\/katalog\/wp-json\/wp\/v2\/media?parent=48810"}],"wp:term":[{"taxonomy":"product_brand","embeddable":true,"href":"https:\/\/www.ernstbrunn-apotheke.at\/katalog\/wp-json\/wp\/v2\/product_brand?post=48810"},{"taxonomy":"product_cat","embeddable":true,"href":"https:\/\/www.ernstbrunn-apotheke.at\/katalog\/wp-json\/wp\/v2\/product_cat?post=48810"},{"taxonomy":"product_tag","embeddable":true,"href":"https:\/\/www.ernstbrunn-apotheke.at\/katalog\/wp-json\/wp\/v2\/product_tag?post=48810"}],"curies":[{"name":"wp","href":"https:\/\/api.w.org\/{rel}","templated":true}]}}