{"id":48395,"date":"2025-11-10T18:05:10","date_gmt":"2025-11-10T17:05:10","guid":{"rendered":"https:\/\/www.ernstbrunn-apotheke.at\/katalog\/produkt\/ladival-allergie-sonnenspray-150-ml-f-50\/"},"modified":"2025-12-08T16:34:49","modified_gmt":"2025-12-08T15:34:49","slug":"ladival-allergie-sonnenspray-150-ml-f-50","status":"publish","type":"product","link":"https:\/\/www.ernstbrunn-apotheke.at\/katalog\/produkt\/ladival-allergie-sonnenspray-150-ml-f-50\/","title":{"rendered":"Ladival Allergie Sonnenspray 150 ml F 50+"},"content":{"rendered":"<p>Sonnenschutz bei Mallorca-Akne und Sonnenallergie. Ladival\u00ae Allergische Haut ist der ideale Sonnenschutz f\u00fcr alle Personen, die zu allergischen Hautreaktionen in der Sonne neigen. Die leichten Hydrodispersionsgele auf Wasserbasis enthalten weder Fette noch Emulgatoren &#8211; die h\u00e4ufigsten Ausl\u00f6ser f\u00fcr die wohl bekannteste Form der Sonnenallergie, die so genannte &#8222;Mallorca-Akne&#8220;. Das praktische Sonnenallergie Spray l\u00e4sst sich gut verteilen, zieht schnell ein, klebt nicht und sorgt f\u00fcr ein angenehmes Hautgef\u00fchl!.<\/p>\n","protected":false},"excerpt":{"rendered":"<p>Sonnenschutz bei Mallorca-Akne und Sonnenallergie. Ladival\u00ae Allergische Haut ist der ideale Sonnenschutz f\u00fcr alle Personen, die zu allergischen Hautreaktionen in der Sonne neigen. Die leichten Hydrodispersionsgele auf Wasserbasis enthalten weder Fette noch Emulgatoren &#8211; die h\u00e4ufigsten Ausl\u00f6ser f\u00fcr die wohl bekannteste Form der Sonnenallergie, die so genannte &#8222;Mallorca-Akne&#8220;. Das praktische Sonnenallergie Spray l\u00e4sst sich gut [&hellip;]<\/p>\n","protected":false},"featured_media":48397,"template":"","meta":{"_acf_changed":false},"product_brand":[1027],"product_cat":[795],"product_tag":[],"class_list":{"0":"post-48395","1":"product","2":"type-product","3":"status-publish","4":"has-post-thumbnail","6":"product_brand-ladival","7":"product_cat-l","8":"pa_packungsgroesse-150ml","10":"first","11":"instock","12":"shipping-taxable","13":"purchasable","14":"product-type-simple"},"acf":[],"_links":{"self":[{"href":"https:\/\/www.ernstbrunn-apotheke.at\/katalog\/wp-json\/wp\/v2\/product\/48395","targetHints":{"allow":["GET"]}}],"collection":[{"href":"https:\/\/www.ernstbrunn-apotheke.at\/katalog\/wp-json\/wp\/v2\/product"}],"about":[{"href":"https:\/\/www.ernstbrunn-apotheke.at\/katalog\/wp-json\/wp\/v2\/types\/product"}],"wp:featuredmedia":[{"embeddable":true,"href":"https:\/\/www.ernstbrunn-apotheke.at\/katalog\/wp-json\/wp\/v2\/media\/48397"}],"wp:attachment":[{"href":"https:\/\/www.ernstbrunn-apotheke.at\/katalog\/wp-json\/wp\/v2\/media?parent=48395"}],"wp:term":[{"taxonomy":"product_brand","embeddable":true,"href":"https:\/\/www.ernstbrunn-apotheke.at\/katalog\/wp-json\/wp\/v2\/product_brand?post=48395"},{"taxonomy":"product_cat","embeddable":true,"href":"https:\/\/www.ernstbrunn-apotheke.at\/katalog\/wp-json\/wp\/v2\/product_cat?post=48395"},{"taxonomy":"product_tag","embeddable":true,"href":"https:\/\/www.ernstbrunn-apotheke.at\/katalog\/wp-json\/wp\/v2\/product_tag?post=48395"}],"curies":[{"name":"wp","href":"https:\/\/api.w.org\/{rel}","templated":true}]}}