{"id":48275,"date":"2025-11-10T18:03:07","date_gmt":"2025-11-10T17:03:07","guid":{"rendered":"https:\/\/www.ernstbrunn-apotheke.at\/katalog\/produkt\/la-roche-posthelios-after-sun-gel-hydratisierend\/"},"modified":"2025-12-08T16:34:13","modified_gmt":"2025-12-08T15:34:13","slug":"la-roche-posthelios-after-sun-gel-hydratisierend","status":"publish","type":"product","link":"https:\/\/www.ernstbrunn-apotheke.at\/katalog\/produkt\/la-roche-posthelios-after-sun-gel-hydratisierend\/","title":{"rendered":"La Roche POSTHELIOS AFTER-SUN-GEL hydratisierend"},"content":{"rendered":"<p>La Roche-Posay Posthelios After Sun Hydra Gel ist ein k\u00fchlendes After-Sun-Gel nach der Sonne. Die leichte Gel-Textur wirkt besonders k\u00fchlend und hautberuhigend. Die After-Sun-Pflege ,angereichert mit Antioxidantien, wird angewendet, um freie Radikale, die w\u00e4hrend dem Sonnenbaden entstehen, zu bek\u00e4mpfen. Sie spendet einen k\u00fchlenden Effekt direkt bei der Anwendung.<\/p>\n","protected":false},"excerpt":{"rendered":"<p>La Roche-Posay Posthelios After Sun Hydra Gel ist ein k\u00fchlendes After-Sun-Gel nach der Sonne. Die leichte Gel-Textur wirkt besonders k\u00fchlend und hautberuhigend. Die After-Sun-Pflege ,angereichert mit Antioxidantien, wird angewendet, um freie Radikale, die w\u00e4hrend dem Sonnenbaden entstehen, zu bek\u00e4mpfen. Sie spendet einen k\u00fchlenden Effekt direkt bei der Anwendung.<\/p>\n","protected":false},"featured_media":48277,"template":"","meta":{"_acf_changed":false},"product_brand":[677],"product_cat":[795],"product_tag":[],"class_list":{"0":"post-48275","1":"product","2":"type-product","3":"status-publish","4":"has-post-thumbnail","6":"product_brand-la-roche-posay","7":"product_cat-l","8":"pa_packungsgroesse-200ml","10":"first","11":"instock","12":"shipping-taxable","13":"purchasable","14":"product-type-simple"},"acf":[],"_links":{"self":[{"href":"https:\/\/www.ernstbrunn-apotheke.at\/katalog\/wp-json\/wp\/v2\/product\/48275","targetHints":{"allow":["GET"]}}],"collection":[{"href":"https:\/\/www.ernstbrunn-apotheke.at\/katalog\/wp-json\/wp\/v2\/product"}],"about":[{"href":"https:\/\/www.ernstbrunn-apotheke.at\/katalog\/wp-json\/wp\/v2\/types\/product"}],"wp:featuredmedia":[{"embeddable":true,"href":"https:\/\/www.ernstbrunn-apotheke.at\/katalog\/wp-json\/wp\/v2\/media\/48277"}],"wp:attachment":[{"href":"https:\/\/www.ernstbrunn-apotheke.at\/katalog\/wp-json\/wp\/v2\/media?parent=48275"}],"wp:term":[{"taxonomy":"product_brand","embeddable":true,"href":"https:\/\/www.ernstbrunn-apotheke.at\/katalog\/wp-json\/wp\/v2\/product_brand?post=48275"},{"taxonomy":"product_cat","embeddable":true,"href":"https:\/\/www.ernstbrunn-apotheke.at\/katalog\/wp-json\/wp\/v2\/product_cat?post=48275"},{"taxonomy":"product_tag","embeddable":true,"href":"https:\/\/www.ernstbrunn-apotheke.at\/katalog\/wp-json\/wp\/v2\/product_tag?post=48275"}],"curies":[{"name":"wp","href":"https:\/\/api.w.org\/{rel}","templated":true}]}}