{"id":48205,"date":"2025-11-10T18:02:25","date_gmt":"2025-11-10T17:02:25","guid":{"rendered":"https:\/\/www.ernstbrunn-apotheke.at\/katalog\/produkt\/la-roche-posay-posthelios-after-sun-gel-200-ml\/"},"modified":"2025-12-08T16:33:53","modified_gmt":"2025-12-08T15:33:53","slug":"la-roche-posay-posthelios-after-sun-gel-200-ml","status":"publish","type":"product","link":"https:\/\/www.ernstbrunn-apotheke.at\/katalog\/produkt\/la-roche-posay-posthelios-after-sun-gel-200-ml\/","title":{"rendered":"La Roche-Posay Posthelios After-Sun-Gel 200 ml"},"content":{"rendered":"<p>La Roche-Posay Posthelios After Sun ist f\u00fcr alle, die Ihre Sonnenbr\u00e4une so lange wie m\u00f6glich erhalten wollen. Mit stark r\u00fcckfettenden Wirkstoffen underst\u00fctzt die reparierende Pflege den Hydrolipidfilm der Haut. Karit\u00e9butter verbessert den Zellzusammenhalt und Glycerin spendet Feuchtigkeit.<\/p>\n","protected":false},"excerpt":{"rendered":"<p>La Roche-Posay Posthelios After Sun ist f\u00fcr alle, die Ihre Sonnenbr\u00e4une so lange wie m\u00f6glich erhalten wollen. Mit stark r\u00fcckfettenden Wirkstoffen underst\u00fctzt die reparierende Pflege den Hydrolipidfilm der Haut. Karit\u00e9butter verbessert den Zellzusammenhalt und Glycerin spendet Feuchtigkeit.<\/p>\n","protected":false},"featured_media":48207,"template":"","meta":{"_acf_changed":false},"product_brand":[677],"product_cat":[795],"product_tag":[],"class_list":{"0":"post-48205","1":"product","2":"type-product","3":"status-publish","4":"has-post-thumbnail","6":"product_brand-la-roche-posay","7":"product_cat-l","8":"pa_packungsgroesse-200ml","10":"first","11":"instock","12":"shipping-taxable","13":"purchasable","14":"product-type-simple"},"acf":[],"_links":{"self":[{"href":"https:\/\/www.ernstbrunn-apotheke.at\/katalog\/wp-json\/wp\/v2\/product\/48205","targetHints":{"allow":["GET"]}}],"collection":[{"href":"https:\/\/www.ernstbrunn-apotheke.at\/katalog\/wp-json\/wp\/v2\/product"}],"about":[{"href":"https:\/\/www.ernstbrunn-apotheke.at\/katalog\/wp-json\/wp\/v2\/types\/product"}],"wp:featuredmedia":[{"embeddable":true,"href":"https:\/\/www.ernstbrunn-apotheke.at\/katalog\/wp-json\/wp\/v2\/media\/48207"}],"wp:attachment":[{"href":"https:\/\/www.ernstbrunn-apotheke.at\/katalog\/wp-json\/wp\/v2\/media?parent=48205"}],"wp:term":[{"taxonomy":"product_brand","embeddable":true,"href":"https:\/\/www.ernstbrunn-apotheke.at\/katalog\/wp-json\/wp\/v2\/product_brand?post=48205"},{"taxonomy":"product_cat","embeddable":true,"href":"https:\/\/www.ernstbrunn-apotheke.at\/katalog\/wp-json\/wp\/v2\/product_cat?post=48205"},{"taxonomy":"product_tag","embeddable":true,"href":"https:\/\/www.ernstbrunn-apotheke.at\/katalog\/wp-json\/wp\/v2\/product_tag?post=48205"}],"curies":[{"name":"wp","href":"https:\/\/api.w.org\/{rel}","templated":true}]}}