{"id":47901,"date":"2025-11-10T17:56:26","date_gmt":"2025-11-10T16:56:26","guid":{"rendered":"https:\/\/www.ernstbrunn-apotheke.at\/katalog\/produkt\/nivea-baby-pflegeoel-200-ml\/"},"modified":"2025-12-08T16:32:14","modified_gmt":"2025-12-08T15:32:14","slug":"nivea-baby-pflegeoel-200-ml","status":"publish","type":"product","link":"https:\/\/www.ernstbrunn-apotheke.at\/katalog\/produkt\/nivea-baby-pflegeoel-200-ml\/","title":{"rendered":"Nivea Baby Pflege\u00f6l 200 ml"},"content":{"rendered":"<p>Nivea Baby Pflege\u00f6l ist bestens f\u00fcr die besonders milde Reinigung, Feuchtigkeitspflege und Massage zarter Babyhaut geeignet. Die milde Formel mit nat\u00fcrlichem Mandel-\u00d6l versorgt die empfindliche Babyhaut intensiv mit Feuchtigkeit. F\u00fcr weiche und geschmeidige Haut.<\/p>\n","protected":false},"excerpt":{"rendered":"<p>Nivea Baby Pflege\u00f6l ist bestens f\u00fcr die besonders milde Reinigung, Feuchtigkeitspflege und Massage zarter Babyhaut geeignet. Die milde Formel mit nat\u00fcrlichem Mandel-\u00d6l versorgt die empfindliche Babyhaut intensiv mit Feuchtigkeit. F\u00fcr weiche und geschmeidige Haut.<\/p>\n","protected":false},"featured_media":47903,"template":"","meta":{"_acf_changed":false},"product_brand":[1017],"product_cat":[797],"product_tag":[],"class_list":{"0":"post-47901","1":"product","2":"type-product","3":"status-publish","4":"has-post-thumbnail","6":"product_brand-nivea","7":"product_cat-n","8":"pa_packungsgroesse-200ml","10":"first","11":"instock","12":"shipping-taxable","13":"purchasable","14":"product-type-simple"},"acf":[],"_links":{"self":[{"href":"https:\/\/www.ernstbrunn-apotheke.at\/katalog\/wp-json\/wp\/v2\/product\/47901","targetHints":{"allow":["GET"]}}],"collection":[{"href":"https:\/\/www.ernstbrunn-apotheke.at\/katalog\/wp-json\/wp\/v2\/product"}],"about":[{"href":"https:\/\/www.ernstbrunn-apotheke.at\/katalog\/wp-json\/wp\/v2\/types\/product"}],"wp:featuredmedia":[{"embeddable":true,"href":"https:\/\/www.ernstbrunn-apotheke.at\/katalog\/wp-json\/wp\/v2\/media\/47903"}],"wp:attachment":[{"href":"https:\/\/www.ernstbrunn-apotheke.at\/katalog\/wp-json\/wp\/v2\/media?parent=47901"}],"wp:term":[{"taxonomy":"product_brand","embeddable":true,"href":"https:\/\/www.ernstbrunn-apotheke.at\/katalog\/wp-json\/wp\/v2\/product_brand?post=47901"},{"taxonomy":"product_cat","embeddable":true,"href":"https:\/\/www.ernstbrunn-apotheke.at\/katalog\/wp-json\/wp\/v2\/product_cat?post=47901"},{"taxonomy":"product_tag","embeddable":true,"href":"https:\/\/www.ernstbrunn-apotheke.at\/katalog\/wp-json\/wp\/v2\/product_tag?post=47901"}],"curies":[{"name":"wp","href":"https:\/\/api.w.org\/{rel}","templated":true}]}}