{"id":47827,"date":"2025-11-10T17:55:31","date_gmt":"2025-11-10T16:55:31","guid":{"rendered":"https:\/\/www.ernstbrunn-apotheke.at\/katalog\/produkt\/lansinoh-thera-pearl-3-in-1-2-stk\/"},"modified":"2025-12-08T16:31:52","modified_gmt":"2025-12-08T15:31:52","slug":"lansinoh-thera-pearl-3-in-1-2-stk","status":"publish","type":"product","link":"https:\/\/www.ernstbrunn-apotheke.at\/katalog\/produkt\/lansinoh-thera-pearl-3-in-1-2-stk\/","title":{"rendered":"Lansinoh Thera Pearl 3-in-1 2 Stk."},"content":{"rendered":"<p>Lansinoh f\u00fchlt sich mit Familien verbunden, die sich f\u00fcr das Stillen ihrer Babys entschieden haben. Seit 1984, als das Unternehmen Lansinoh von einer stillenden Mutter gegr\u00fcndet wurde, ist das Ziel, das Stillen zu f\u00f6rdern und M\u00fctter mit richtigen Informationen zum Stillen zu unterst\u00fctzen. Lansinoh respektiert die vielen unterschiedlichen Lebensmodelle von M\u00fcttern und ermutigt sie darin, ihre individuellen Stillziele zu erreichen.<\/p>\n","protected":false},"excerpt":{"rendered":"<p>Lansinoh f\u00fchlt sich mit Familien verbunden, die sich f\u00fcr das Stillen ihrer Babys entschieden haben. Seit 1984, als das Unternehmen Lansinoh von einer stillenden Mutter gegr\u00fcndet wurde, ist das Ziel, das Stillen zu f\u00f6rdern und M\u00fctter mit richtigen Informationen zum Stillen zu unterst\u00fctzen. Lansinoh respektiert die vielen unterschiedlichen Lebensmodelle von M\u00fcttern und ermutigt sie darin, [&hellip;]<\/p>\n","protected":false},"featured_media":47829,"template":"","meta":{"_acf_changed":false},"product_brand":[1012],"product_cat":[795],"product_tag":[],"class_list":{"0":"post-47827","1":"product","2":"type-product","3":"status-publish","4":"has-post-thumbnail","6":"product_brand-lansinoh","7":"product_cat-l","8":"pa_packungsgroesse-2-stueck","10":"first","11":"instock","12":"shipping-taxable","13":"purchasable","14":"product-type-simple"},"acf":[],"_links":{"self":[{"href":"https:\/\/www.ernstbrunn-apotheke.at\/katalog\/wp-json\/wp\/v2\/product\/47827","targetHints":{"allow":["GET"]}}],"collection":[{"href":"https:\/\/www.ernstbrunn-apotheke.at\/katalog\/wp-json\/wp\/v2\/product"}],"about":[{"href":"https:\/\/www.ernstbrunn-apotheke.at\/katalog\/wp-json\/wp\/v2\/types\/product"}],"wp:featuredmedia":[{"embeddable":true,"href":"https:\/\/www.ernstbrunn-apotheke.at\/katalog\/wp-json\/wp\/v2\/media\/47829"}],"wp:attachment":[{"href":"https:\/\/www.ernstbrunn-apotheke.at\/katalog\/wp-json\/wp\/v2\/media?parent=47827"}],"wp:term":[{"taxonomy":"product_brand","embeddable":true,"href":"https:\/\/www.ernstbrunn-apotheke.at\/katalog\/wp-json\/wp\/v2\/product_brand?post=47827"},{"taxonomy":"product_cat","embeddable":true,"href":"https:\/\/www.ernstbrunn-apotheke.at\/katalog\/wp-json\/wp\/v2\/product_cat?post=47827"},{"taxonomy":"product_tag","embeddable":true,"href":"https:\/\/www.ernstbrunn-apotheke.at\/katalog\/wp-json\/wp\/v2\/product_tag?post=47827"}],"curies":[{"name":"wp","href":"https:\/\/api.w.org\/{rel}","templated":true}]}}