{"id":47611,"date":"2025-11-10T17:51:22","date_gmt":"2025-11-10T16:51:22","guid":{"rendered":"https:\/\/www.ernstbrunn-apotheke.at\/katalog\/produkt\/weleda-cremebad-200-ml-calendula\/"},"modified":"2025-12-08T16:30:51","modified_gmt":"2025-12-08T15:30:51","slug":"weleda-cremebad-200-ml-calendula","status":"publish","type":"product","link":"https:\/\/www.ernstbrunn-apotheke.at\/katalog\/produkt\/weleda-cremebad-200-ml-calendula\/","title":{"rendered":"Weleda Cremebad 200 ml Calendula"},"content":{"rendered":"<p>Das milde Calendula Cremebad von Weleda reinigt zarte Haut behutsam und pflegt sie sanft. Wertvolles Mandel\u00f6l und Sesam\u00f6l h\u00fcllen wohlig warm ein und halten die Haut weich und geschmeidig. Calendula wirkt hautberuhigend und lindernd \u2013 Kosmetik von WELEDA jetzt stark preisgesenkt bestellen!<\/p>\n","protected":false},"excerpt":{"rendered":"<p>Das milde Calendula Cremebad von Weleda reinigt zarte Haut behutsam und pflegt sie sanft. Wertvolles Mandel\u00f6l und Sesam\u00f6l h\u00fcllen wohlig warm ein und halten die Haut weich und geschmeidig. Calendula wirkt hautberuhigend und lindernd \u2013 Kosmetik von WELEDA jetzt stark preisgesenkt bestellen!<\/p>\n","protected":false},"featured_media":47613,"template":"","meta":{"_acf_changed":false},"product_brand":[567],"product_cat":[796],"product_tag":[],"class_list":{"0":"post-47611","1":"product","2":"type-product","3":"status-publish","4":"has-post-thumbnail","6":"product_brand-weleda","7":"product_cat-w","8":"pa_packungsgroesse-200ml","10":"first","11":"instock","12":"shipping-taxable","13":"purchasable","14":"product-type-simple"},"acf":[],"_links":{"self":[{"href":"https:\/\/www.ernstbrunn-apotheke.at\/katalog\/wp-json\/wp\/v2\/product\/47611","targetHints":{"allow":["GET"]}}],"collection":[{"href":"https:\/\/www.ernstbrunn-apotheke.at\/katalog\/wp-json\/wp\/v2\/product"}],"about":[{"href":"https:\/\/www.ernstbrunn-apotheke.at\/katalog\/wp-json\/wp\/v2\/types\/product"}],"wp:featuredmedia":[{"embeddable":true,"href":"https:\/\/www.ernstbrunn-apotheke.at\/katalog\/wp-json\/wp\/v2\/media\/47613"}],"wp:attachment":[{"href":"https:\/\/www.ernstbrunn-apotheke.at\/katalog\/wp-json\/wp\/v2\/media?parent=47611"}],"wp:term":[{"taxonomy":"product_brand","embeddable":true,"href":"https:\/\/www.ernstbrunn-apotheke.at\/katalog\/wp-json\/wp\/v2\/product_brand?post=47611"},{"taxonomy":"product_cat","embeddable":true,"href":"https:\/\/www.ernstbrunn-apotheke.at\/katalog\/wp-json\/wp\/v2\/product_cat?post=47611"},{"taxonomy":"product_tag","embeddable":true,"href":"https:\/\/www.ernstbrunn-apotheke.at\/katalog\/wp-json\/wp\/v2\/product_tag?post=47611"}],"curies":[{"name":"wp","href":"https:\/\/api.w.org\/{rel}","templated":true}]}}