{"id":47524,"date":"2025-11-10T17:49:44","date_gmt":"2025-11-10T16:49:44","guid":{"rendered":"https:\/\/www.ernstbrunn-apotheke.at\/katalog\/produkt\/milupa-aptamil-pdf-fluessig-90-ml\/"},"modified":"2025-12-08T16:30:30","modified_gmt":"2025-12-08T15:30:30","slug":"milupa-aptamil-pdf-fluessig-90-ml","status":"publish","type":"product","link":"https:\/\/www.ernstbrunn-apotheke.at\/katalog\/produkt\/milupa-aptamil-pdf-fluessig-90-ml\/","title":{"rendered":"Milupa Aptamil Pdf fl\u00fcssig 90 ml"},"content":{"rendered":"<p>Aptamil PDF ist eine vollst\u00e4ndige Flaschennahrung f\u00fcr frisch aus der Klinik entlassene Fr\u00fchgeborene ab 1.800g K\u00f6rpergewicht. Der Gehalt an Eiwei\u00df, Energie, Mineralstoffen und Vitaminen liegt zwischen dem einer Fr\u00fchgeborenennahrung und einer handels\u00fcblichen Anfangsnahrung und ist damit genau f\u00fcr diese \u00dcbergangsphase geeignet.<\/p>\n","protected":false},"excerpt":{"rendered":"<p>Aptamil PDF ist eine vollst\u00e4ndige Flaschennahrung f\u00fcr frisch aus der Klinik entlassene Fr\u00fchgeborene ab 1.800g K\u00f6rpergewicht. Der Gehalt an Eiwei\u00df, Energie, Mineralstoffen und Vitaminen liegt zwischen dem einer Fr\u00fchgeborenennahrung und einer handels\u00fcblichen Anfangsnahrung und ist damit genau f\u00fcr diese \u00dcbergangsphase geeignet.<\/p>\n","protected":false},"featured_media":47526,"template":"","meta":{"_acf_changed":false},"product_brand":[1021],"product_cat":[800],"product_tag":[],"class_list":{"0":"post-47524","1":"product","2":"type-product","3":"status-publish","4":"has-post-thumbnail","6":"product_brand-milupa","7":"product_cat-m","8":"pa_packungsgroesse-24-stueck","10":"first","11":"instock","12":"shipping-taxable","13":"purchasable","14":"product-type-simple"},"acf":[],"_links":{"self":[{"href":"https:\/\/www.ernstbrunn-apotheke.at\/katalog\/wp-json\/wp\/v2\/product\/47524","targetHints":{"allow":["GET"]}}],"collection":[{"href":"https:\/\/www.ernstbrunn-apotheke.at\/katalog\/wp-json\/wp\/v2\/product"}],"about":[{"href":"https:\/\/www.ernstbrunn-apotheke.at\/katalog\/wp-json\/wp\/v2\/types\/product"}],"wp:featuredmedia":[{"embeddable":true,"href":"https:\/\/www.ernstbrunn-apotheke.at\/katalog\/wp-json\/wp\/v2\/media\/47526"}],"wp:attachment":[{"href":"https:\/\/www.ernstbrunn-apotheke.at\/katalog\/wp-json\/wp\/v2\/media?parent=47524"}],"wp:term":[{"taxonomy":"product_brand","embeddable":true,"href":"https:\/\/www.ernstbrunn-apotheke.at\/katalog\/wp-json\/wp\/v2\/product_brand?post=47524"},{"taxonomy":"product_cat","embeddable":true,"href":"https:\/\/www.ernstbrunn-apotheke.at\/katalog\/wp-json\/wp\/v2\/product_cat?post=47524"},{"taxonomy":"product_tag","embeddable":true,"href":"https:\/\/www.ernstbrunn-apotheke.at\/katalog\/wp-json\/wp\/v2\/product_tag?post=47524"}],"curies":[{"name":"wp","href":"https:\/\/api.w.org\/{rel}","templated":true}]}}