{"id":47353,"date":"2025-11-10T17:46:50","date_gmt":"2025-11-10T16:46:50","guid":{"rendered":"https:\/\/www.ernstbrunn-apotheke.at\/katalog\/produkt\/medela-hydrogel-pads-4-stk\/"},"modified":"2025-12-08T16:29:38","modified_gmt":"2025-12-08T15:29:38","slug":"medela-hydrogel-pads-4-stk","status":"publish","type":"product","link":"https:\/\/www.ernstbrunn-apotheke.at\/katalog\/produkt\/medela-hydrogel-pads-4-stk\/","title":{"rendered":"Medela Hydrogel Pads 4 Stk."},"content":{"rendered":"<p>Medela ist in der Schweiz ans\u00e4ssig und wurde 1961 von Olle Larsson gegr\u00fcndet. Unter der Leitung von Olle Larssons Sohn Michael hat sich Medela zu einem weltweit f\u00fchrenden Anbieter von Stillprodukten und medizinischer Vakuumtechnologie entwickelt. Grundlage hierf\u00fcr sind die laufende Forschung, die Innovationskraft und die Analyse der Kundenbed\u00fcrfnisse durch das Unternehmen.<\/p>\n","protected":false},"excerpt":{"rendered":"<p>Medela ist in der Schweiz ans\u00e4ssig und wurde 1961 von Olle Larsson gegr\u00fcndet. Unter der Leitung von Olle Larssons Sohn Michael hat sich Medela zu einem weltweit f\u00fchrenden Anbieter von Stillprodukten und medizinischer Vakuumtechnologie entwickelt. Grundlage hierf\u00fcr sind die laufende Forschung, die Innovationskraft und die Analyse der Kundenbed\u00fcrfnisse durch das Unternehmen.<\/p>\n","protected":false},"featured_media":47355,"template":"","meta":{"_acf_changed":false},"product_brand":[1018],"product_cat":[800],"product_tag":[],"class_list":{"0":"post-47353","1":"product","2":"type-product","3":"status-publish","4":"has-post-thumbnail","6":"product_brand-medela","7":"product_cat-m","8":"pa_packungsgroesse-4-stueck","10":"first","11":"instock","12":"shipping-taxable","13":"purchasable","14":"product-type-simple"},"acf":[],"_links":{"self":[{"href":"https:\/\/www.ernstbrunn-apotheke.at\/katalog\/wp-json\/wp\/v2\/product\/47353","targetHints":{"allow":["GET"]}}],"collection":[{"href":"https:\/\/www.ernstbrunn-apotheke.at\/katalog\/wp-json\/wp\/v2\/product"}],"about":[{"href":"https:\/\/www.ernstbrunn-apotheke.at\/katalog\/wp-json\/wp\/v2\/types\/product"}],"wp:featuredmedia":[{"embeddable":true,"href":"https:\/\/www.ernstbrunn-apotheke.at\/katalog\/wp-json\/wp\/v2\/media\/47355"}],"wp:attachment":[{"href":"https:\/\/www.ernstbrunn-apotheke.at\/katalog\/wp-json\/wp\/v2\/media?parent=47353"}],"wp:term":[{"taxonomy":"product_brand","embeddable":true,"href":"https:\/\/www.ernstbrunn-apotheke.at\/katalog\/wp-json\/wp\/v2\/product_brand?post=47353"},{"taxonomy":"product_cat","embeddable":true,"href":"https:\/\/www.ernstbrunn-apotheke.at\/katalog\/wp-json\/wp\/v2\/product_cat?post=47353"},{"taxonomy":"product_tag","embeddable":true,"href":"https:\/\/www.ernstbrunn-apotheke.at\/katalog\/wp-json\/wp\/v2\/product_tag?post=47353"}],"curies":[{"name":"wp","href":"https:\/\/api.w.org\/{rel}","templated":true}]}}