{"id":47227,"date":"2025-11-10T17:44:22","date_gmt":"2025-11-10T16:44:22","guid":{"rendered":"https:\/\/www.ernstbrunn-apotheke.at\/katalog\/produkt\/profertil-female-168-stk-3-monatspackung\/"},"modified":"2025-12-08T16:29:12","modified_gmt":"2025-12-08T15:29:12","slug":"profertil-female-168-stk-3-monatspackung","status":"publish","type":"product","link":"https:\/\/www.ernstbrunn-apotheke.at\/katalog\/produkt\/profertil-female-168-stk-3-monatspackung\/","title":{"rendered":"Profertil Female 168 Stk. 3 &#8211; Monatspackung"},"content":{"rendered":"<p>PROfertil\u00ae female setzt mit wissenschaftlich sorgf\u00e4ltig abgestimmten Komponenten dort an, wo es entscheidend ist: Beim Zyklus, bei der Befruchtung und bei der Einnistung.PROfertil\u00ae female entspricht aufgrund der spezifischen Zusammensetzung den besonderen Ern\u00e4hrungserfordernissen von Frauen mit Kinderwunsch bis zum Ende des dritten Schwangerschaftsmonats und ist durch die spezielle Kombination der enthaltenen N\u00e4hrstoffe f\u00fcr diesen besonderen Ern\u00e4hrungszweck geeignet.<\/p>\n","protected":false},"excerpt":{"rendered":"<p>PROfertil\u00ae female setzt mit wissenschaftlich sorgf\u00e4ltig abgestimmten Komponenten dort an, wo es entscheidend ist: Beim Zyklus, bei der Befruchtung und bei der Einnistung.PROfertil\u00ae female entspricht aufgrund der spezifischen Zusammensetzung den besonderen Ern\u00e4hrungserfordernissen von Frauen mit Kinderwunsch bis zum Ende des dritten Schwangerschaftsmonats und ist durch die spezielle Kombination der enthaltenen N\u00e4hrstoffe f\u00fcr diesen besonderen Ern\u00e4hrungszweck [&hellip;]<\/p>\n","protected":false},"featured_media":47229,"template":"","meta":{"_acf_changed":false},"product_brand":[],"product_cat":[793],"product_tag":[],"class_list":{"0":"post-47227","1":"product","2":"type-product","3":"status-publish","4":"has-post-thumbnail","6":"product_cat-p","7":"pa_packungsgroesse-168-stueck","9":"first","10":"instock","11":"shipping-taxable","12":"purchasable","13":"product-type-simple"},"acf":[],"_links":{"self":[{"href":"https:\/\/www.ernstbrunn-apotheke.at\/katalog\/wp-json\/wp\/v2\/product\/47227","targetHints":{"allow":["GET"]}}],"collection":[{"href":"https:\/\/www.ernstbrunn-apotheke.at\/katalog\/wp-json\/wp\/v2\/product"}],"about":[{"href":"https:\/\/www.ernstbrunn-apotheke.at\/katalog\/wp-json\/wp\/v2\/types\/product"}],"wp:featuredmedia":[{"embeddable":true,"href":"https:\/\/www.ernstbrunn-apotheke.at\/katalog\/wp-json\/wp\/v2\/media\/47229"}],"wp:attachment":[{"href":"https:\/\/www.ernstbrunn-apotheke.at\/katalog\/wp-json\/wp\/v2\/media?parent=47227"}],"wp:term":[{"taxonomy":"product_brand","embeddable":true,"href":"https:\/\/www.ernstbrunn-apotheke.at\/katalog\/wp-json\/wp\/v2\/product_brand?post=47227"},{"taxonomy":"product_cat","embeddable":true,"href":"https:\/\/www.ernstbrunn-apotheke.at\/katalog\/wp-json\/wp\/v2\/product_cat?post=47227"},{"taxonomy":"product_tag","embeddable":true,"href":"https:\/\/www.ernstbrunn-apotheke.at\/katalog\/wp-json\/wp\/v2\/product_tag?post=47227"}],"curies":[{"name":"wp","href":"https:\/\/api.w.org\/{rel}","templated":true}]}}