{"id":47135,"date":"2025-11-10T17:43:03","date_gmt":"2025-11-10T16:43:03","guid":{"rendered":"https:\/\/www.ernstbrunn-apotheke.at\/katalog\/produkt\/aetheria-kinder-bad-1-stk-fluessig-125-ml\/"},"modified":"2025-12-08T16:28:57","modified_gmt":"2025-12-08T15:28:57","slug":"aetheria-kinder-bad-1-stk-fluessig-125-ml","status":"publish","type":"product","link":"https:\/\/www.ernstbrunn-apotheke.at\/katalog\/produkt\/aetheria-kinder-bad-1-stk-fluessig-125-ml\/","title":{"rendered":"\u00c4theria Kinder Bad 1 Stk. fl\u00fcssig 125 ml"},"content":{"rendered":"<p>\u00c4theria Kinder Bad ist eine milde Kombination ausgew\u00e4hlter \u00e4therischer Inhaltsstoffe. Das Kinderbad ist wohltuend bei Erk\u00e4ltung und unterst\u00fctzt die Erholung nach Spiel und Spa\u00df oder einem anstrengenden Tag an der frischen Luft. Mit nat\u00fcrlichen \u00e4therischen \u00d6len in Arzneibuchqualit\u00e4t.<\/p>\n","protected":false},"excerpt":{"rendered":"<p>\u00c4theria Kinder Bad ist eine milde Kombination ausgew\u00e4hlter \u00e4therischer Inhaltsstoffe. Das Kinderbad ist wohltuend bei Erk\u00e4ltung und unterst\u00fctzt die Erholung nach Spiel und Spa\u00df oder einem anstrengenden Tag an der frischen Luft. Mit nat\u00fcrlichen \u00e4therischen \u00d6len in Arzneibuchqualit\u00e4t.<\/p>\n","protected":false},"featured_media":47137,"template":"","meta":{"_acf_changed":false},"product_brand":[],"product_cat":[801],"product_tag":[],"class_list":{"0":"post-47135","1":"product","2":"type-product","3":"status-publish","4":"has-post-thumbnail","6":"product_cat-a","7":"pa_packungsgroesse-125ml","9":"first","10":"instock","11":"shipping-taxable","12":"purchasable","13":"product-type-simple"},"acf":[],"_links":{"self":[{"href":"https:\/\/www.ernstbrunn-apotheke.at\/katalog\/wp-json\/wp\/v2\/product\/47135","targetHints":{"allow":["GET"]}}],"collection":[{"href":"https:\/\/www.ernstbrunn-apotheke.at\/katalog\/wp-json\/wp\/v2\/product"}],"about":[{"href":"https:\/\/www.ernstbrunn-apotheke.at\/katalog\/wp-json\/wp\/v2\/types\/product"}],"wp:featuredmedia":[{"embeddable":true,"href":"https:\/\/www.ernstbrunn-apotheke.at\/katalog\/wp-json\/wp\/v2\/media\/47137"}],"wp:attachment":[{"href":"https:\/\/www.ernstbrunn-apotheke.at\/katalog\/wp-json\/wp\/v2\/media?parent=47135"}],"wp:term":[{"taxonomy":"product_brand","embeddable":true,"href":"https:\/\/www.ernstbrunn-apotheke.at\/katalog\/wp-json\/wp\/v2\/product_brand?post=47135"},{"taxonomy":"product_cat","embeddable":true,"href":"https:\/\/www.ernstbrunn-apotheke.at\/katalog\/wp-json\/wp\/v2\/product_cat?post=47135"},{"taxonomy":"product_tag","embeddable":true,"href":"https:\/\/www.ernstbrunn-apotheke.at\/katalog\/wp-json\/wp\/v2\/product_tag?post=47135"}],"curies":[{"name":"wp","href":"https:\/\/api.w.org\/{rel}","templated":true}]}}