{"id":46544,"date":"2025-11-10T17:31:36","date_gmt":"2025-11-10T16:31:36","guid":{"rendered":"https:\/\/www.ernstbrunn-apotheke.at\/katalog\/produkt\/mama-aua-tropfen-bauch-30-ml\/"},"modified":"2025-12-08T16:27:15","modified_gmt":"2025-12-08T15:27:15","slug":"mama-aua-tropfen-bauch-30-ml","status":"publish","type":"product","link":"https:\/\/www.ernstbrunn-apotheke.at\/katalog\/produkt\/mama-aua-tropfen-bauch-30-ml\/","title":{"rendered":"Mama-Aua! Tropfen Bauch 30 ml"},"content":{"rendered":"<p>Mama-Aua! Tropfen Bauch f\u00fcr ein gesundes Wohlbefinden im Bauch. Zur nat\u00fcrlichen Regulation der Darmt\u00e4tigkeit.<\/p>\n","protected":false},"excerpt":{"rendered":"<p>Mama-Aua! Tropfen Bauch f\u00fcr ein gesundes Wohlbefinden im Bauch. Zur nat\u00fcrlichen Regulation der Darmt\u00e4tigkeit.<\/p>\n","protected":false},"featured_media":46546,"template":"","meta":{"_acf_changed":false},"product_brand":[1013],"product_cat":[800],"product_tag":[],"class_list":{"0":"post-46544","1":"product","2":"type-product","3":"status-publish","4":"has-post-thumbnail","6":"product_brand-mama-aua","7":"product_cat-m","8":"pa_packungsgroesse-10ml","9":"pa_packungsgroesse-30ml","11":"first","12":"instock","13":"shipping-taxable","14":"purchasable","15":"product-type-simple"},"acf":[],"_links":{"self":[{"href":"https:\/\/www.ernstbrunn-apotheke.at\/katalog\/wp-json\/wp\/v2\/product\/46544","targetHints":{"allow":["GET"]}}],"collection":[{"href":"https:\/\/www.ernstbrunn-apotheke.at\/katalog\/wp-json\/wp\/v2\/product"}],"about":[{"href":"https:\/\/www.ernstbrunn-apotheke.at\/katalog\/wp-json\/wp\/v2\/types\/product"}],"wp:featuredmedia":[{"embeddable":true,"href":"https:\/\/www.ernstbrunn-apotheke.at\/katalog\/wp-json\/wp\/v2\/media\/46546"}],"wp:attachment":[{"href":"https:\/\/www.ernstbrunn-apotheke.at\/katalog\/wp-json\/wp\/v2\/media?parent=46544"}],"wp:term":[{"taxonomy":"product_brand","embeddable":true,"href":"https:\/\/www.ernstbrunn-apotheke.at\/katalog\/wp-json\/wp\/v2\/product_brand?post=46544"},{"taxonomy":"product_cat","embeddable":true,"href":"https:\/\/www.ernstbrunn-apotheke.at\/katalog\/wp-json\/wp\/v2\/product_cat?post=46544"},{"taxonomy":"product_tag","embeddable":true,"href":"https:\/\/www.ernstbrunn-apotheke.at\/katalog\/wp-json\/wp\/v2\/product_tag?post=46544"}],"curies":[{"name":"wp","href":"https:\/\/api.w.org\/{rel}","templated":true}]}}