{"id":46213,"date":"2025-11-10T17:25:09","date_gmt":"2025-11-10T16:25:09","guid":{"rendered":"https:\/\/www.ernstbrunn-apotheke.at\/katalog\/produkt\/dolo-cyl-balsam-80-ml\/"},"modified":"2025-12-08T16:26:12","modified_gmt":"2025-12-08T15:26:12","slug":"dolo-cyl-balsam-80-ml","status":"publish","type":"product","link":"https:\/\/www.ernstbrunn-apotheke.at\/katalog\/produkt\/dolo-cyl-balsam-80-ml\/","title":{"rendered":"Dolo-Cyl Balsam 80 ml"},"content":{"rendered":"<p>Dolo-Cyl Balsam 80 ml eignet sich insbesondere zur Lockerung der Muskulatur und Verhinderung ihrer vorzeitigen Erm\u00fcdung und zur Vorbeugung gegen Muskelschmerzen, Verkrampfungen, Verspannungen, \u00dcberlastungsbeschwerden,Muskelkater sowie zur wohltuenden Regeneration \u00fcberanspruchter Muskeln. Der Balsam ist eine moderne \u00d6l-in-Wasser Emulsion mit hochwertigen Pflanzenausz\u00fcgen aus Arnika, Eukalyptus, Latschenkiefer, Lavendel, Rosmarin, Wacholder und Johanniskraut, die sich durch rasches und r\u00fcckstandsloses Einziehen in die Haut auszeichnet.<\/p>\n","protected":false},"excerpt":{"rendered":"<p>Dolo-Cyl Balsam 80 ml eignet sich insbesondere zur Lockerung der Muskulatur und Verhinderung ihrer vorzeitigen Erm\u00fcdung und zur Vorbeugung gegen Muskelschmerzen, Verkrampfungen, Verspannungen, \u00dcberlastungsbeschwerden,Muskelkater sowie zur wohltuenden Regeneration \u00fcberanspruchter Muskeln. Der Balsam ist eine moderne \u00d6l-in-Wasser Emulsion mit hochwertigen Pflanzenausz\u00fcgen aus Arnika, Eukalyptus, Latschenkiefer, Lavendel, Rosmarin, Wacholder und Johanniskraut, die sich durch rasches und r\u00fcckstandsloses [&hellip;]<\/p>\n","protected":false},"featured_media":46215,"template":"","meta":{"_acf_changed":false},"product_brand":[],"product_cat":[792],"product_tag":[],"class_list":{"0":"post-46213","1":"product","2":"type-product","3":"status-publish","4":"has-post-thumbnail","6":"product_cat-d","7":"pa_packungsgroesse-80ml","9":"first","10":"instock","11":"shipping-taxable","12":"purchasable","13":"product-type-simple"},"acf":[],"_links":{"self":[{"href":"https:\/\/www.ernstbrunn-apotheke.at\/katalog\/wp-json\/wp\/v2\/product\/46213","targetHints":{"allow":["GET"]}}],"collection":[{"href":"https:\/\/www.ernstbrunn-apotheke.at\/katalog\/wp-json\/wp\/v2\/product"}],"about":[{"href":"https:\/\/www.ernstbrunn-apotheke.at\/katalog\/wp-json\/wp\/v2\/types\/product"}],"wp:featuredmedia":[{"embeddable":true,"href":"https:\/\/www.ernstbrunn-apotheke.at\/katalog\/wp-json\/wp\/v2\/media\/46215"}],"wp:attachment":[{"href":"https:\/\/www.ernstbrunn-apotheke.at\/katalog\/wp-json\/wp\/v2\/media?parent=46213"}],"wp:term":[{"taxonomy":"product_brand","embeddable":true,"href":"https:\/\/www.ernstbrunn-apotheke.at\/katalog\/wp-json\/wp\/v2\/product_brand?post=46213"},{"taxonomy":"product_cat","embeddable":true,"href":"https:\/\/www.ernstbrunn-apotheke.at\/katalog\/wp-json\/wp\/v2\/product_cat?post=46213"},{"taxonomy":"product_tag","embeddable":true,"href":"https:\/\/www.ernstbrunn-apotheke.at\/katalog\/wp-json\/wp\/v2\/product_tag?post=46213"}],"curies":[{"name":"wp","href":"https:\/\/api.w.org\/{rel}","templated":true}]}}