{"id":46084,"date":"2025-11-10T17:22:51","date_gmt":"2025-11-10T16:22:51","guid":{"rendered":"https:\/\/www.ernstbrunn-apotheke.at\/katalog\/produkt\/acimont-sport-aktiv-fluid-100-ml\/"},"modified":"2025-12-08T16:25:40","modified_gmt":"2025-12-08T15:25:40","slug":"acimont-sport-aktiv-fluid-100-ml","status":"publish","type":"product","link":"https:\/\/www.ernstbrunn-apotheke.at\/katalog\/produkt\/acimont-sport-aktiv-fluid-100-ml\/","title":{"rendered":"Acimont Sport + Aktiv Fluid 100 ml"},"content":{"rendered":"<p>Acimont Sport + Aktiv Fluid ist eine angenehm wohltuende Einreibung f\u00fcr Muskeln und Gelenke. Sie eignet sich hervorragend sowohl vor als auch nach sportlicher Bet\u00e4tigung, Sauna, bei Muskelkater, M\u00fcdigkeit und Verspannung..<\/p>\n","protected":false},"excerpt":{"rendered":"<p>Acimont Sport + Aktiv Fluid ist eine angenehm wohltuende Einreibung f\u00fcr Muskeln und Gelenke. Sie eignet sich hervorragend sowohl vor als auch nach sportlicher Bet\u00e4tigung, Sauna, bei Muskelkater, M\u00fcdigkeit und Verspannung..<\/p>\n","protected":false},"featured_media":46086,"template":"","meta":{"_acf_changed":false},"product_brand":[],"product_cat":[801],"product_tag":[],"class_list":{"0":"post-46084","1":"product","2":"type-product","3":"status-publish","4":"has-post-thumbnail","6":"product_cat-a","7":"pa_packungsgroesse-100ml","9":"first","10":"instock","11":"shipping-taxable","12":"purchasable","13":"product-type-simple"},"acf":[],"_links":{"self":[{"href":"https:\/\/www.ernstbrunn-apotheke.at\/katalog\/wp-json\/wp\/v2\/product\/46084","targetHints":{"allow":["GET"]}}],"collection":[{"href":"https:\/\/www.ernstbrunn-apotheke.at\/katalog\/wp-json\/wp\/v2\/product"}],"about":[{"href":"https:\/\/www.ernstbrunn-apotheke.at\/katalog\/wp-json\/wp\/v2\/types\/product"}],"wp:featuredmedia":[{"embeddable":true,"href":"https:\/\/www.ernstbrunn-apotheke.at\/katalog\/wp-json\/wp\/v2\/media\/46086"}],"wp:attachment":[{"href":"https:\/\/www.ernstbrunn-apotheke.at\/katalog\/wp-json\/wp\/v2\/media?parent=46084"}],"wp:term":[{"taxonomy":"product_brand","embeddable":true,"href":"https:\/\/www.ernstbrunn-apotheke.at\/katalog\/wp-json\/wp\/v2\/product_brand?post=46084"},{"taxonomy":"product_cat","embeddable":true,"href":"https:\/\/www.ernstbrunn-apotheke.at\/katalog\/wp-json\/wp\/v2\/product_cat?post=46084"},{"taxonomy":"product_tag","embeddable":true,"href":"https:\/\/www.ernstbrunn-apotheke.at\/katalog\/wp-json\/wp\/v2\/product_tag?post=46084"}],"curies":[{"name":"wp","href":"https:\/\/api.w.org\/{rel}","templated":true}]}}