{"id":45829,"date":"2025-11-10T17:18:05","date_gmt":"2025-11-10T16:18:05","guid":{"rendered":"https:\/\/www.ernstbrunn-apotheke.at\/katalog\/produkt\/enzborn-teufelssalbe-heiss-200-ml\/"},"modified":"2025-12-08T16:24:54","modified_gmt":"2025-12-08T15:24:54","slug":"enzborn-teufelssalbe-heiss-200-ml","status":"publish","type":"product","link":"https:\/\/www.ernstbrunn-apotheke.at\/katalog\/produkt\/enzborn-teufelssalbe-heiss-200-ml\/","title":{"rendered":"Enzborn Teufelssalbe Hei\u00df 200 ml"},"content":{"rendered":"<p>Enzborn Teufelssalbe Hei\u00df ist ein intensiv w\u00e4rmendes Pflegegel mit der nat\u00fcrlichen Kraft der Teufelskralle und der Brennnessel. Das intensive und langanhaltende W\u00e4rmegef\u00fchl beruht auf speziellen pflanzlichen Extrakten, \u00e4therischen \u00d6len und tiefenwirksamen W\u00e4rmeregulatoren. In Verbindung mit einer Massage unterst\u00fctzt es das Gef\u00fchl der Entspannung von Muskeln und Gelenken und der Durchblutungsf\u00f6rderung.<\/p>\n","protected":false},"excerpt":{"rendered":"<p>Enzborn Teufelssalbe Hei\u00df ist ein intensiv w\u00e4rmendes Pflegegel mit der nat\u00fcrlichen Kraft der Teufelskralle und der Brennnessel. Das intensive und langanhaltende W\u00e4rmegef\u00fchl beruht auf speziellen pflanzlichen Extrakten, \u00e4therischen \u00d6len und tiefenwirksamen W\u00e4rmeregulatoren. In Verbindung mit einer Massage unterst\u00fctzt es das Gef\u00fchl der Entspannung von Muskeln und Gelenken und der Durchblutungsf\u00f6rderung.<\/p>\n","protected":false},"featured_media":45831,"template":"","meta":{"_acf_changed":false},"product_brand":[651],"product_cat":[794],"product_tag":[],"class_list":{"0":"post-45829","1":"product","2":"type-product","3":"status-publish","4":"has-post-thumbnail","6":"product_brand-enzborn","7":"product_cat-e","8":"pa_packungsgroesse-200ml","10":"first","11":"instock","12":"shipping-taxable","13":"purchasable","14":"product-type-simple"},"acf":[],"_links":{"self":[{"href":"https:\/\/www.ernstbrunn-apotheke.at\/katalog\/wp-json\/wp\/v2\/product\/45829","targetHints":{"allow":["GET"]}}],"collection":[{"href":"https:\/\/www.ernstbrunn-apotheke.at\/katalog\/wp-json\/wp\/v2\/product"}],"about":[{"href":"https:\/\/www.ernstbrunn-apotheke.at\/katalog\/wp-json\/wp\/v2\/types\/product"}],"wp:featuredmedia":[{"embeddable":true,"href":"https:\/\/www.ernstbrunn-apotheke.at\/katalog\/wp-json\/wp\/v2\/media\/45831"}],"wp:attachment":[{"href":"https:\/\/www.ernstbrunn-apotheke.at\/katalog\/wp-json\/wp\/v2\/media?parent=45829"}],"wp:term":[{"taxonomy":"product_brand","embeddable":true,"href":"https:\/\/www.ernstbrunn-apotheke.at\/katalog\/wp-json\/wp\/v2\/product_brand?post=45829"},{"taxonomy":"product_cat","embeddable":true,"href":"https:\/\/www.ernstbrunn-apotheke.at\/katalog\/wp-json\/wp\/v2\/product_cat?post=45829"},{"taxonomy":"product_tag","embeddable":true,"href":"https:\/\/www.ernstbrunn-apotheke.at\/katalog\/wp-json\/wp\/v2\/product_tag?post=45829"}],"curies":[{"name":"wp","href":"https:\/\/api.w.org\/{rel}","templated":true}]}}