{"id":45735,"date":"2025-11-10T17:16:13","date_gmt":"2025-11-10T16:16:13","guid":{"rendered":"https:\/\/www.ernstbrunn-apotheke.at\/katalog\/produkt\/ensbona-teufelssalbe-heiss-200-ml\/"},"modified":"2025-12-08T16:24:35","modified_gmt":"2025-12-08T15:24:35","slug":"ensbona-teufelssalbe-heiss-200-ml","status":"publish","type":"product","link":"https:\/\/www.ernstbrunn-apotheke.at\/katalog\/produkt\/ensbona-teufelssalbe-heiss-200-ml\/","title":{"rendered":"Ensbona Teufelssalbe Hei\u00df 200 ml"},"content":{"rendered":"<p>Ensbona Teufelssalbe Hei\u00df mit den nat\u00fcrlichen Extrakten aus Teufelskralle und Brennnessel sorgt f\u00fcr ein angenehmes und langanhaltendes W\u00e4rmegef\u00fchl, f\u00f6rdert Beweglichkeit und Entspannung. Die Pflegekomponenten Glycerin, Allantoin und Ringelblumenextrakt sind hautberuhigend und machen die Haut glatt und geschmeidig..<\/p>\n","protected":false},"excerpt":{"rendered":"<p>Ensbona Teufelssalbe Hei\u00df mit den nat\u00fcrlichen Extrakten aus Teufelskralle und Brennnessel sorgt f\u00fcr ein angenehmes und langanhaltendes W\u00e4rmegef\u00fchl, f\u00f6rdert Beweglichkeit und Entspannung. Die Pflegekomponenten Glycerin, Allantoin und Ringelblumenextrakt sind hautberuhigend und machen die Haut glatt und geschmeidig..<\/p>\n","protected":false},"featured_media":45737,"template":"","meta":{"_acf_changed":false},"product_brand":[],"product_cat":[794],"product_tag":[],"class_list":{"0":"post-45735","1":"product","2":"type-product","3":"status-publish","4":"has-post-thumbnail","6":"product_cat-e","7":"pa_farbe-orange","8":"pa_packungsgroesse-200ml","10":"first","11":"instock","12":"shipping-taxable","13":"purchasable","14":"product-type-simple"},"acf":[],"_links":{"self":[{"href":"https:\/\/www.ernstbrunn-apotheke.at\/katalog\/wp-json\/wp\/v2\/product\/45735","targetHints":{"allow":["GET"]}}],"collection":[{"href":"https:\/\/www.ernstbrunn-apotheke.at\/katalog\/wp-json\/wp\/v2\/product"}],"about":[{"href":"https:\/\/www.ernstbrunn-apotheke.at\/katalog\/wp-json\/wp\/v2\/types\/product"}],"wp:featuredmedia":[{"embeddable":true,"href":"https:\/\/www.ernstbrunn-apotheke.at\/katalog\/wp-json\/wp\/v2\/media\/45737"}],"wp:attachment":[{"href":"https:\/\/www.ernstbrunn-apotheke.at\/katalog\/wp-json\/wp\/v2\/media?parent=45735"}],"wp:term":[{"taxonomy":"product_brand","embeddable":true,"href":"https:\/\/www.ernstbrunn-apotheke.at\/katalog\/wp-json\/wp\/v2\/product_brand?post=45735"},{"taxonomy":"product_cat","embeddable":true,"href":"https:\/\/www.ernstbrunn-apotheke.at\/katalog\/wp-json\/wp\/v2\/product_cat?post=45735"},{"taxonomy":"product_tag","embeddable":true,"href":"https:\/\/www.ernstbrunn-apotheke.at\/katalog\/wp-json\/wp\/v2\/product_tag?post=45735"}],"curies":[{"name":"wp","href":"https:\/\/api.w.org\/{rel}","templated":true}]}}