{"id":45715,"date":"2025-11-10T17:16:13","date_gmt":"2025-11-10T16:16:13","guid":{"rendered":"https:\/\/www.ernstbrunn-apotheke.at\/katalog\/produkt\/muskel-und-gelenk-salbe-parabenfrei-75-ml\/"},"modified":"2025-12-08T16:24:32","modified_gmt":"2025-12-08T15:24:32","slug":"muskel-und-gelenk-salbe-parabenfrei-75-ml","status":"publish","type":"product","link":"https:\/\/www.ernstbrunn-apotheke.at\/katalog\/produkt\/muskel-und-gelenk-salbe-parabenfrei-75-ml\/","title":{"rendered":"Muskel- und Gelenk-Salbe parabenfrei 75 ml"},"content":{"rendered":"<p>Eingebettet in eine hautpflegende Salbengrundlage unterst\u00fctzen die Substanzen Rosmarin-, Thymian- und Wintergr\u00fcn\u00f6l die Massage bei Muskelkater und \u00dcberbelastungen des Bewegungsapparates. Durch die Massage werden Muskeln und Gelenke gelockert, erw\u00e4rmt und entspannt..<\/p>\n","protected":false},"excerpt":{"rendered":"<p>Eingebettet in eine hautpflegende Salbengrundlage unterst\u00fctzen die Substanzen Rosmarin-, Thymian- und Wintergr\u00fcn\u00f6l die Massage bei Muskelkater und \u00dcberbelastungen des Bewegungsapparates. Durch die Massage werden Muskeln und Gelenke gelockert, erw\u00e4rmt und entspannt..<\/p>\n","protected":false},"featured_media":45717,"template":"","meta":{"_acf_changed":false},"product_brand":[],"product_cat":[800],"product_tag":[],"class_list":{"0":"post-45715","1":"product","2":"type-product","3":"status-publish","4":"has-post-thumbnail","6":"product_cat-m","7":"pa_packungsgroesse-75ml","9":"first","10":"instock","11":"shipping-taxable","12":"purchasable","13":"product-type-simple"},"acf":[],"_links":{"self":[{"href":"https:\/\/www.ernstbrunn-apotheke.at\/katalog\/wp-json\/wp\/v2\/product\/45715","targetHints":{"allow":["GET"]}}],"collection":[{"href":"https:\/\/www.ernstbrunn-apotheke.at\/katalog\/wp-json\/wp\/v2\/product"}],"about":[{"href":"https:\/\/www.ernstbrunn-apotheke.at\/katalog\/wp-json\/wp\/v2\/types\/product"}],"wp:featuredmedia":[{"embeddable":true,"href":"https:\/\/www.ernstbrunn-apotheke.at\/katalog\/wp-json\/wp\/v2\/media\/45717"}],"wp:attachment":[{"href":"https:\/\/www.ernstbrunn-apotheke.at\/katalog\/wp-json\/wp\/v2\/media?parent=45715"}],"wp:term":[{"taxonomy":"product_brand","embeddable":true,"href":"https:\/\/www.ernstbrunn-apotheke.at\/katalog\/wp-json\/wp\/v2\/product_brand?post=45715"},{"taxonomy":"product_cat","embeddable":true,"href":"https:\/\/www.ernstbrunn-apotheke.at\/katalog\/wp-json\/wp\/v2\/product_cat?post=45715"},{"taxonomy":"product_tag","embeddable":true,"href":"https:\/\/www.ernstbrunn-apotheke.at\/katalog\/wp-json\/wp\/v2\/product_tag?post=45715"}],"curies":[{"name":"wp","href":"https:\/\/api.w.org\/{rel}","templated":true}]}}