{"id":45519,"date":"2025-11-10T17:12:18","date_gmt":"2025-11-10T16:12:18","guid":{"rendered":"https:\/\/www.ernstbrunn-apotheke.at\/katalog\/produkt\/diana-balsam-mit-menthol\/"},"modified":"2025-12-08T16:23:51","modified_gmt":"2025-12-08T15:23:51","slug":"diana-balsam-mit-menthol","status":"publish","type":"product","link":"https:\/\/www.ernstbrunn-apotheke.at\/katalog\/produkt\/diana-balsam-mit-menthol\/","title":{"rendered":"Diana Balsam mit Menthol"},"content":{"rendered":"<p>DIANA Sport Balsam k\u00fchlt die Haut mit erfrischendem, nat\u00fcrlichem Menthol und f\u00f6rdert die Durchblutung. DIANA Sport Balsam hat die pflegenden Eigenschaften einer Creme, fettet nicht und zieht rasch ein. Sie f\u00fchlen sich den ganzen Tag erfrischt und gepflegt.<\/p>\n","protected":false},"excerpt":{"rendered":"<p>DIANA Sport Balsam k\u00fchlt die Haut mit erfrischendem, nat\u00fcrlichem Menthol und f\u00f6rdert die Durchblutung. DIANA Sport Balsam hat die pflegenden Eigenschaften einer Creme, fettet nicht und zieht rasch ein. Sie f\u00fchlen sich den ganzen Tag erfrischt und gepflegt.<\/p>\n","protected":false},"featured_media":45521,"template":"","meta":{"_acf_changed":false},"product_brand":[],"product_cat":[792],"product_tag":[],"class_list":{"0":"post-45519","1":"product","2":"type-product","3":"status-publish","4":"has-post-thumbnail","6":"product_cat-d","7":"pa_farbe-weiss","8":"pa_packungsgroesse-125ml","10":"first","11":"instock","12":"shipping-taxable","13":"purchasable","14":"product-type-simple"},"acf":[],"_links":{"self":[{"href":"https:\/\/www.ernstbrunn-apotheke.at\/katalog\/wp-json\/wp\/v2\/product\/45519","targetHints":{"allow":["GET"]}}],"collection":[{"href":"https:\/\/www.ernstbrunn-apotheke.at\/katalog\/wp-json\/wp\/v2\/product"}],"about":[{"href":"https:\/\/www.ernstbrunn-apotheke.at\/katalog\/wp-json\/wp\/v2\/types\/product"}],"wp:featuredmedia":[{"embeddable":true,"href":"https:\/\/www.ernstbrunn-apotheke.at\/katalog\/wp-json\/wp\/v2\/media\/45521"}],"wp:attachment":[{"href":"https:\/\/www.ernstbrunn-apotheke.at\/katalog\/wp-json\/wp\/v2\/media?parent=45519"}],"wp:term":[{"taxonomy":"product_brand","embeddable":true,"href":"https:\/\/www.ernstbrunn-apotheke.at\/katalog\/wp-json\/wp\/v2\/product_brand?post=45519"},{"taxonomy":"product_cat","embeddable":true,"href":"https:\/\/www.ernstbrunn-apotheke.at\/katalog\/wp-json\/wp\/v2\/product_cat?post=45519"},{"taxonomy":"product_tag","embeddable":true,"href":"https:\/\/www.ernstbrunn-apotheke.at\/katalog\/wp-json\/wp\/v2\/product_tag?post=45519"}],"curies":[{"name":"wp","href":"https:\/\/api.w.org\/{rel}","templated":true}]}}