{"id":45186,"date":"2025-11-10T17:05:38","date_gmt":"2025-11-10T16:05:38","guid":{"rendered":"https:\/\/www.ernstbrunn-apotheke.at\/katalog\/produkt\/hansaplast-abc-waerme-pflaster-capsicum-2-stk\/"},"modified":"2025-12-08T16:22:16","modified_gmt":"2025-12-08T15:22:16","slug":"hansaplast-abc-waerme-pflaster-capsicum-2-stk","status":"publish","type":"product","link":"https:\/\/www.ernstbrunn-apotheke.at\/katalog\/produkt\/hansaplast-abc-waerme-pflaster-capsicum-2-stk\/","title":{"rendered":"Hansaplast ABC W\u00e4rme-Pflaster Capsicum 2 Stk."},"content":{"rendered":"<p>Das ABC W\u00e4rme-Pflaster Capsicum von Hansaplast aktiviert die k\u00f6rpereigene Heilw\u00e4rme und hemmt dabei gleichzeitig die Schmerzweiterleitung. Neben seiner intensiv, langanhaltenden Wirkung ist es zuverl\u00e4ssig langanhaltend haftend.<\/p>\n","protected":false},"excerpt":{"rendered":"<p>Das ABC W\u00e4rme-Pflaster Capsicum von Hansaplast aktiviert die k\u00f6rpereigene Heilw\u00e4rme und hemmt dabei gleichzeitig die Schmerzweiterleitung. Neben seiner intensiv, langanhaltenden Wirkung ist es zuverl\u00e4ssig langanhaltend haftend.<\/p>\n","protected":false},"featured_media":45188,"template":"","meta":{"_acf_changed":false},"product_brand":[],"product_cat":[805],"product_tag":[],"class_list":{"0":"post-45186","1":"product","2":"type-product","3":"status-publish","4":"has-post-thumbnail","6":"product_cat-h","7":"pa_packungsgroesse-1-stueck","8":"pa_packungsgroesse-2-stueck","10":"first","11":"instock","12":"shipping-taxable","13":"purchasable","14":"product-type-simple"},"acf":[],"_links":{"self":[{"href":"https:\/\/www.ernstbrunn-apotheke.at\/katalog\/wp-json\/wp\/v2\/product\/45186","targetHints":{"allow":["GET"]}}],"collection":[{"href":"https:\/\/www.ernstbrunn-apotheke.at\/katalog\/wp-json\/wp\/v2\/product"}],"about":[{"href":"https:\/\/www.ernstbrunn-apotheke.at\/katalog\/wp-json\/wp\/v2\/types\/product"}],"wp:featuredmedia":[{"embeddable":true,"href":"https:\/\/www.ernstbrunn-apotheke.at\/katalog\/wp-json\/wp\/v2\/media\/45188"}],"wp:attachment":[{"href":"https:\/\/www.ernstbrunn-apotheke.at\/katalog\/wp-json\/wp\/v2\/media?parent=45186"}],"wp:term":[{"taxonomy":"product_brand","embeddable":true,"href":"https:\/\/www.ernstbrunn-apotheke.at\/katalog\/wp-json\/wp\/v2\/product_brand?post=45186"},{"taxonomy":"product_cat","embeddable":true,"href":"https:\/\/www.ernstbrunn-apotheke.at\/katalog\/wp-json\/wp\/v2\/product_cat?post=45186"},{"taxonomy":"product_tag","embeddable":true,"href":"https:\/\/www.ernstbrunn-apotheke.at\/katalog\/wp-json\/wp\/v2\/product_tag?post=45186"}],"curies":[{"name":"wp","href":"https:\/\/api.w.org\/{rel}","templated":true}]}}