{"id":45126,"date":"2025-11-10T17:04:30","date_gmt":"2025-11-10T16:04:30","guid":{"rendered":"https:\/\/www.ernstbrunn-apotheke.at\/katalog\/produkt\/ensbona-pferdesalbe-500-ml-dose\/"},"modified":"2025-12-08T17:02:49","modified_gmt":"2025-12-08T16:02:49","slug":"ensbona-pferdesalbe-500-ml-dose","status":"publish","type":"product","link":"https:\/\/www.ernstbrunn-apotheke.at\/katalog\/produkt\/ensbona-pferdesalbe-500-ml-dose\/","title":{"rendered":"Ensbona Pferdesalbe 500 ml Dose"},"content":{"rendered":"<p>Ensbona Pferdesalbe ist besonders wohltuend f\u00fcr die Haut. Aufgrund ihrer wertvollen Inhaltstoffe spendet sie empfindlicher Haut Feuchtigkeit und zieht schnell ein ohne zu verkleben. Gerade auch nach k\u00f6rperlicher Anstrengung und Erm\u00fcdung ist die Salbe eine Wohltat. Sie k\u00fchlt und reaktiviert die beanspruchten K\u00f6rperstellen.<\/p>\n","protected":false},"excerpt":{"rendered":"<p>Ensbona Pferdesalbe ist besonders wohltuend f\u00fcr die Haut. Aufgrund ihrer wertvollen Inhaltstoffe spendet sie empfindlicher Haut Feuchtigkeit und zieht schnell ein ohne zu verkleben. Gerade auch nach k\u00f6rperlicher Anstrengung und Erm\u00fcdung ist die Salbe eine Wohltat. Sie k\u00fchlt und reaktiviert die beanspruchten K\u00f6rperstellen.<\/p>\n","protected":false},"featured_media":45128,"template":"","meta":{"_acf_changed":false},"product_brand":[],"product_cat":[794],"product_tag":[],"class_list":{"0":"post-45126","1":"product","2":"type-product","3":"status-publish","4":"has-post-thumbnail","6":"product_cat-e","7":"pa_farbe-gruen","8":"pa_packungsgroesse-200ml","9":"pa_packungsgroesse-500ml","10":"pa_packungsgroesse-50ml","12":"first","13":"instock","14":"shipping-taxable","15":"purchasable","16":"product-type-variable"},"acf":[],"_links":{"self":[{"href":"https:\/\/www.ernstbrunn-apotheke.at\/katalog\/wp-json\/wp\/v2\/product\/45126","targetHints":{"allow":["GET"]}}],"collection":[{"href":"https:\/\/www.ernstbrunn-apotheke.at\/katalog\/wp-json\/wp\/v2\/product"}],"about":[{"href":"https:\/\/www.ernstbrunn-apotheke.at\/katalog\/wp-json\/wp\/v2\/types\/product"}],"wp:featuredmedia":[{"embeddable":true,"href":"https:\/\/www.ernstbrunn-apotheke.at\/katalog\/wp-json\/wp\/v2\/media\/45128"}],"wp:attachment":[{"href":"https:\/\/www.ernstbrunn-apotheke.at\/katalog\/wp-json\/wp\/v2\/media?parent=45126"}],"wp:term":[{"taxonomy":"product_brand","embeddable":true,"href":"https:\/\/www.ernstbrunn-apotheke.at\/katalog\/wp-json\/wp\/v2\/product_brand?post=45126"},{"taxonomy":"product_cat","embeddable":true,"href":"https:\/\/www.ernstbrunn-apotheke.at\/katalog\/wp-json\/wp\/v2\/product_cat?post=45126"},{"taxonomy":"product_tag","embeddable":true,"href":"https:\/\/www.ernstbrunn-apotheke.at\/katalog\/wp-json\/wp\/v2\/product_tag?post=45126"}],"curies":[{"name":"wp","href":"https:\/\/api.w.org\/{rel}","templated":true}]}}