{"id":45003,"date":"2025-11-10T17:02:32","date_gmt":"2025-11-10T16:02:32","guid":{"rendered":"https:\/\/www.ernstbrunn-apotheke.at\/katalog\/produkt\/rubriment-emulsion-60-ml\/"},"modified":"2025-12-08T16:21:40","modified_gmt":"2025-12-08T15:21:40","slug":"rubriment-emulsion-60-ml","status":"publish","type":"product","link":"https:\/\/www.ernstbrunn-apotheke.at\/katalog\/produkt\/rubriment-emulsion-60-ml\/","title":{"rendered":"Rubriment Emulsion 60 ml"},"content":{"rendered":"<p>Rubriment Emulsion ist ein durchblutungsf\u00f6rderndes Schmerzmittel zum Einreiben. Die Kombination der Wirkstoffe lindert rasch Schmerzen, hilft Muskelkr\u00e4mpfe zu l\u00f6sen und beschleunigt die Heilung durch die Anregung des Gewebestoffwechsels.<\/p>\n","protected":false},"excerpt":{"rendered":"<p>Rubriment Emulsion ist ein durchblutungsf\u00f6rderndes Schmerzmittel zum Einreiben. Die Kombination der Wirkstoffe lindert rasch Schmerzen, hilft Muskelkr\u00e4mpfe zu l\u00f6sen und beschleunigt die Heilung durch die Anregung des Gewebestoffwechsels.<\/p>\n","protected":false},"featured_media":45005,"template":"","meta":{"_acf_changed":false},"product_brand":[],"product_cat":[808],"product_tag":[],"class_list":{"0":"post-45003","1":"product","2":"type-product","3":"status-publish","4":"has-post-thumbnail","6":"product_cat-r","7":"pa_packungsgroesse-60ml","9":"first","10":"instock","11":"shipping-taxable","12":"purchasable","13":"product-type-simple"},"acf":[],"_links":{"self":[{"href":"https:\/\/www.ernstbrunn-apotheke.at\/katalog\/wp-json\/wp\/v2\/product\/45003","targetHints":{"allow":["GET"]}}],"collection":[{"href":"https:\/\/www.ernstbrunn-apotheke.at\/katalog\/wp-json\/wp\/v2\/product"}],"about":[{"href":"https:\/\/www.ernstbrunn-apotheke.at\/katalog\/wp-json\/wp\/v2\/types\/product"}],"wp:featuredmedia":[{"embeddable":true,"href":"https:\/\/www.ernstbrunn-apotheke.at\/katalog\/wp-json\/wp\/v2\/media\/45005"}],"wp:attachment":[{"href":"https:\/\/www.ernstbrunn-apotheke.at\/katalog\/wp-json\/wp\/v2\/media?parent=45003"}],"wp:term":[{"taxonomy":"product_brand","embeddable":true,"href":"https:\/\/www.ernstbrunn-apotheke.at\/katalog\/wp-json\/wp\/v2\/product_brand?post=45003"},{"taxonomy":"product_cat","embeddable":true,"href":"https:\/\/www.ernstbrunn-apotheke.at\/katalog\/wp-json\/wp\/v2\/product_cat?post=45003"},{"taxonomy":"product_tag","embeddable":true,"href":"https:\/\/www.ernstbrunn-apotheke.at\/katalog\/wp-json\/wp\/v2\/product_tag?post=45003"}],"curies":[{"name":"wp","href":"https:\/\/api.w.org\/{rel}","templated":true}]}}