{"id":44828,"date":"2025-11-10T16:57:47","date_gmt":"2025-11-10T15:57:47","guid":{"rendered":"https:\/\/www.ernstbrunn-apotheke.at\/katalog\/produkt\/aspirin-500mg-kautabletten\/"},"modified":"2025-12-08T16:21:07","modified_gmt":"2025-12-08T15:21:07","slug":"aspirin-500mg-kautabletten","status":"publish","type":"product","link":"https:\/\/www.ernstbrunn-apotheke.at\/katalog\/produkt\/aspirin-500mg-kautabletten\/","title":{"rendered":"Aspirin\u00ae 500mg Kautabletten"},"content":{"rendered":"<p>Aspirin  Kautabletten von Bayer k\u00f6nnen ohne Fl\u00fcssigkeit bei Schmerzen und Fieber eingenommen werden und eignen sich ideal f\u00fcr unterwegs. Eine Tablette enth\u00e4lt 500 mg Acetylsalicyls\u00e4ure und sogenannte Pufferstoffe, die die L\u00f6slichkeit des Wirkstoffes verbessern, damit dieser den Magen rasch passieren und schnell zum Wirkort gelangen kann.<\/p>\n","protected":false},"excerpt":{"rendered":"<p>Aspirin Kautabletten von Bayer k\u00f6nnen ohne Fl\u00fcssigkeit bei Schmerzen und Fieber eingenommen werden und eignen sich ideal f\u00fcr unterwegs. Eine Tablette enth\u00e4lt 500 mg Acetylsalicyls\u00e4ure und sogenannte Pufferstoffe, die die L\u00f6slichkeit des Wirkstoffes verbessern, damit dieser den Magen rasch passieren und schnell zum Wirkort gelangen kann.<\/p>\n","protected":false},"featured_media":44830,"template":"","meta":{"_acf_changed":false},"product_brand":[517],"product_cat":[801],"product_tag":[],"class_list":{"0":"post-44828","1":"product","2":"type-product","3":"status-publish","4":"has-post-thumbnail","6":"product_brand-aspirin","7":"product_cat-a","8":"pa_packungsgroesse-10-stueck","10":"first","11":"instock","12":"shipping-taxable","13":"purchasable","14":"product-type-simple"},"acf":[],"_links":{"self":[{"href":"https:\/\/www.ernstbrunn-apotheke.at\/katalog\/wp-json\/wp\/v2\/product\/44828","targetHints":{"allow":["GET"]}}],"collection":[{"href":"https:\/\/www.ernstbrunn-apotheke.at\/katalog\/wp-json\/wp\/v2\/product"}],"about":[{"href":"https:\/\/www.ernstbrunn-apotheke.at\/katalog\/wp-json\/wp\/v2\/types\/product"}],"wp:featuredmedia":[{"embeddable":true,"href":"https:\/\/www.ernstbrunn-apotheke.at\/katalog\/wp-json\/wp\/v2\/media\/44830"}],"wp:attachment":[{"href":"https:\/\/www.ernstbrunn-apotheke.at\/katalog\/wp-json\/wp\/v2\/media?parent=44828"}],"wp:term":[{"taxonomy":"product_brand","embeddable":true,"href":"https:\/\/www.ernstbrunn-apotheke.at\/katalog\/wp-json\/wp\/v2\/product_brand?post=44828"},{"taxonomy":"product_cat","embeddable":true,"href":"https:\/\/www.ernstbrunn-apotheke.at\/katalog\/wp-json\/wp\/v2\/product_cat?post=44828"},{"taxonomy":"product_tag","embeddable":true,"href":"https:\/\/www.ernstbrunn-apotheke.at\/katalog\/wp-json\/wp\/v2\/product_tag?post=44828"}],"curies":[{"name":"wp","href":"https:\/\/api.w.org\/{rel}","templated":true}]}}